{"id":51,"date":"2023-09-07T22:41:09","date_gmt":"2023-09-07T20:41:09","guid":{"rendered":"https:\/\/shop.hanaton.hu\/?post_type=product&#038;p=51"},"modified":"2025-12-11T23:18:19","modified_gmt":"2025-12-11T22:18:19","slug":"at-lp3xbt","status":"publish","type":"product","link":"https:\/\/shop.hanaton.hu\/?product=at-lp3xbt","title":{"rendered":"Audio-Technica LP3XBT lemezj\u00e1tsz\u00f3"},"content":{"rendered":"<p>A Bluetooth\u00ae lemezj\u00e1tsz\u00f3 elhozza az anal\u00f3g hangz\u00e1s tisztas\u00e1g\u00e1t \u00e9s melegs\u00e9g\u00e9t a digit\u00e1lis gener\u00e1ci\u00f3k sz\u00e1m\u00e1ra: a vinil lemezek \u00f6sszes el\u0151ny\u00e9t megtartva hozza el a fejlett csatlakoztathat\u00f3s\u00e1g k\u00e9nyelm\u00e9t. \u00c9lvezze ki, hogy egy gombnyom\u00e1ssal csatlakoztathatja leg\u00fajabb Bluetooth\u00ae hangsz\u00f3r\u00f3j\u00e1t vagy fejhallgat\u00f3j\u00e1t &#8211; az anal\u00f3g hangz\u00e1s \u00e9lm\u00e9nye itt kezd\u0151dik.<\/p>\n<ul>\n<li>Teljesen automatikus, sz\u00edjhajt\u00e1s\u00fa m\u0171k\u00f6d\u00e9s k\u00e9t sebess\u00e9ggel: 33-1\/3, 45 ford.\/perc<\/li>\n<li>HiFi hangmin\u0151s\u00e9g Bluetooth vezet\u00e9k n\u00e9lk\u00fcli technol\u00f3gi\u00e1val<\/li>\n<li>Vezet\u00e9k n\u00e9lk\u00fcl csatlakozik hangsz\u00f3r\u00f3khoz \u00e9s m\u00e1s Bluetooth vezet\u00e9k n\u00e9lk\u00fcli technol\u00f3gi\u00e1val felszerelt eszk\u00f6z\u00f6kh\u00f6z vagy a mell\u00e9kelt kett\u0151s RCA kimeneti k\u00e1belen kereszt\u00fcl vezet\u00e9kes audiorendszerekhez \u00e9s t\u00e1pell\u00e1t\u00e1s\u00fa hangsz\u00f3r\u00f3khoz<\/li>\n<li>Az AT-VM95C hangszed\u0151 kompatibilis b\u00e1rmely VM95 sorozat\u00fa cser\u00e9lhet\u0151 t\u0171vel, \u00edgy a lehet\u0151s\u00e9gek sz\u00e9les v\u00e1laszt\u00e9k\u00e1t k\u00edn\u00e1lja minden k\u00f6lts\u00e9gvet\u00e9shez \u00e9s alkalmaz\u00e1shoz<\/li>\n<li>Kompatibilis a Qualcomm\u00ae aptX\u2122 audio-kodekkel<\/li>\n<li>Kiegyens\u00falyozott, egyenes hangkar hidraulikusan csillap\u00edtott emel\u0151vez\u00e9rl\u00e9ssel \u00e9s t\u00e1maszt\u00e9kkal<\/li>\n<li>Tartalmazza az AT-HS3 univerz\u00e1lis hangszed\u0151fejet<\/li>\n<li>Be\u00e9p\u00edtett kapcsolhat\u00f3 phono\/line el\u0151er\u0151s\u00edt\u0151 levehet\u0151, f\u00f6ldel\u0151 vezet\u00e9kes kett\u0151s RCA kimeneti k\u00e1bellel<\/li>\n<li>Rezg\u00e9scsillap\u00edt\u00f3, \u00f6nt\u00f6tt alum\u00ednium t\u00e1ny\u00e9r filclappal<\/li>\n<li>Csillap\u00edtott alapszerkezet a cs\u00f6kkentett alacsony frekvenci\u00e1j\u00fa visszacsatol\u00e1si hat\u00e1s \u00e9rdek\u00e9ben<\/li>\n<li>Mell\u00e9kelt tartoz\u00e9kok: levehet\u0151 RCA kimeneti k\u00e1bel (kett\u0151s RCA dugaszr\u00f3l kett\u0151s RCA dugaszra f\u00f6ldel\u00e9ssel), 45 ford.\/perc adapter, elt\u00e1vol\u00edthat\u00f3 csukl\u00f3s porv\u00e9d\u0151 \u00e9s levehet\u0151 t\u00e1pk\u00e1bel<\/li>\n<li>Kaphat\u00f3 feket\u00e9ben (AT-LP3XBTBK) \u00e9s feh\u00e9rben (AT-LP3XBTWH)<\/li>\n<\/ul>\n<table id=\"product-attribute-specs-table\" class=\"c-table c-table--spec js-expandable-table__table\">\n<tbody>\n<tr class=\"\">\n<th scope=\"row\">T\u00edpus<\/th>\n<td>Sz\u00edjhajt\u00e1s\u00fa, teljesen automatikus m\u0171k\u00f6d\u00e9s<\/td>\n<\/tr>\n<tr class=\"\">\n<th scope=\"row\">Motor<\/th>\n<td>DC motor<\/td>\n<\/tr>\n<tr class=\"\">\n<th scope=\"row\">Meghajt\u00e1s<\/th>\n<td>Sz\u00edjhajt\u00e1s\u00fa<\/td>\n<\/tr>\n<tr class=\"\">\n<th scope=\"row\">Sebess\u00e9gek<\/th>\n<td>33-1\/3 ford.\/perc, 45 ford.\/perc<\/td>\n<\/tr>\n<tr class=\"\">\n<th scope=\"row\">Lemezt\u00e1ny\u00e9r<\/th>\n<td>\u00d6nt\u00f6tt alum\u00ednium<\/td>\n<\/tr>\n<\/tbody>\n<\/table>\n","protected":false},"excerpt":{"rendered":"<p>Az AT-LP3XBT egy teljesen automatikus lemezj\u00e1tsz\u00f3, amit arra tervezt\u00fcnk, hogy Bluetooth\u00ae-technol\u00f3gia haszn\u00e1lat\u00e1val kiemelked\u0151 anal\u00f3g hangz\u00e1st tudjon biztos\u00edtani.<\/p>\n","protected":false},"featured_media":247,"comment_status":"closed","ping_status":"closed","template":"","meta":{"_uag_custom_page_level_css":"","site-sidebar-layout":"default","site-content-layout":"","ast-site-content-layout":"default","site-content-style":"default","site-sidebar-style":"default","ast-global-header-display":"","ast-banner-title-visibility":"","ast-main-header-display":"","ast-hfb-above-header-display":"","ast-hfb-below-header-display":"","ast-hfb-mobile-header-display":"","site-post-title":"","ast-breadcrumbs-content":"","ast-featured-img":"","footer-sml-layout":"","ast-disable-related-posts":"","theme-transparent-header-meta":"default","adv-header-id-meta":"","stick-header-meta":"","header-above-stick-meta":"","header-main-stick-meta":"","header-below-stick-meta":"","astra-migrate-meta-layouts":"set","ast-page-background-enabled":"default","ast-page-background-meta":{"desktop":{"background-color":"var(--ast-global-color-4)","background-image":"","background-repeat":"repeat","background-position":"center center","background-size":"auto","background-attachment":"scroll","background-type":"","background-media":"","overlay-type":"","overlay-color":"","overlay-opacity":"","overlay-gradient":""},"tablet":{"background-color":"","background-image":"","background-repeat":"repeat","background-position":"center center","background-size":"auto","background-attachment":"scroll","background-type":"","background-media":"","overlay-type":"","overlay-color":"","overlay-opacity":"","overlay-gradient":""},"mobile":{"background-color":"","background-image":"","background-repeat":"repeat","background-position":"center center","background-size":"auto","background-attachment":"scroll","background-type":"","background-media":"","overlay-type":"","overlay-color":"","overlay-opacity":"","overlay-gradient":""}},"ast-content-background-meta":{"desktop":{"background-color":"var(--ast-global-color-5)","background-image":"","background-repeat":"repeat","background-position":"center center","background-size":"auto","background-attachment":"scroll","background-type":"","background-media":"","overlay-type":"","overlay-color":"","overlay-opacity":"","overlay-gradient":""},"tablet":{"background-color":"var(--ast-global-color-5)","background-image":"","background-repeat":"repeat","background-position":"center center","background-size":"auto","background-attachment":"scroll","background-type":"","background-media":"","overlay-type":"","overlay-color":"","overlay-opacity":"","overlay-gradient":""},"mobile":{"background-color":"var(--ast-global-color-5)","background-image":"","background-repeat":"repeat","background-position":"center center","background-size":"auto","background-attachment":"scroll","background-type":"","background-media":"","overlay-type":"","overlay-color":"","overlay-opacity":"","overlay-gradient":""}}},"product_brand":[],"product_cat":[19],"product_tag":[],"class_list":{"0":"post-51","1":"product","2":"type-product","3":"status-publish","4":"has-post-thumbnail","6":"product_cat-lemezjatszok","7":"desktop-align-left","8":"tablet-align-left","9":"mobile-align-left","11":"first","12":"instock","13":"taxable","14":"shipping-taxable","15":"purchasable","16":"product-type-variable","17":"has-default-attributes"},"supplier_id":null,"supplier_sku":"","barcode":null,"atum_controlled":true,"out_stock_date":null,"out_stock_threshold":null,"inheritable":false,"inbound_stock":0,"stock_on_hold":0,"sold_today":0,"sales_last_days":0,"reserved_stock":0,"customer_returns":0,"warehouse_damage":0,"lost_in_post":0,"other_logs":0,"out_stock_days":0,"lost_sales":0,"has_location":false,"update_date":"2026-05-02T04:24:32","atum_locations":[],"atum_stock_status":"instock","restock_status":false,"low_stock_amount":"","sales_update_date":"2026-05-02T04:24:32","calc_backorders":null,"uagb_featured_image_src":{"full":["https:\/\/shop.hanaton.hu\/wp-content\/uploads\/2023\/09\/at-lp3xbt_wh_01.png",2000,2000,false],"thumbnail":["https:\/\/shop.hanaton.hu\/wp-content\/uploads\/2023\/09\/at-lp3xbt_wh_01-150x150.png",150,150,true],"medium":["https:\/\/shop.hanaton.hu\/wp-content\/uploads\/2023\/09\/at-lp3xbt_wh_01-300x300.png",300,300,true],"medium_large":["https:\/\/shop.hanaton.hu\/wp-content\/uploads\/2023\/09\/at-lp3xbt_wh_01-768x768.png",768,768,true],"large":["https:\/\/shop.hanaton.hu\/wp-content\/uploads\/2023\/09\/at-lp3xbt_wh_01-1024x1024.png",1024,1024,true],"1536x1536":["https:\/\/shop.hanaton.hu\/wp-content\/uploads\/2023\/09\/at-lp3xbt_wh_01-1536x1536.png",1536,1536,true],"2048x2048":["https:\/\/shop.hanaton.hu\/wp-content\/uploads\/2023\/09\/at-lp3xbt_wh_01.png",2000,2000,false],"woocommerce_thumbnail":["https:\/\/shop.hanaton.hu\/wp-content\/uploads\/2023\/09\/at-lp3xbt_wh_01-300x300.png",300,300,true],"woocommerce_single":["https:\/\/shop.hanaton.hu\/wp-content\/uploads\/2023\/09\/at-lp3xbt_wh_01-600x600.png",600,600,true],"woocommerce_gallery_thumbnail":["https:\/\/shop.hanaton.hu\/wp-content\/uploads\/2023\/09\/at-lp3xbt_wh_01-100x100.png",100,100,true]},"uagb_author_info":{"display_name":"admin","author_link":"https:\/\/shop.hanaton.hu\/?author=0"},"uagb_comment_info":0,"uagb_excerpt":"Az AT-LP3XBT egy teljesen automatikus lemezj\u00e1tsz\u00f3, amit arra tervezt\u00fcnk, hogy Bluetooth\u00ae-technol\u00f3gia haszn\u00e1lat\u00e1val kiemelked\u0151 anal\u00f3g hangz\u00e1st tudjon biztos\u00edtani.","_links":{"self":[{"href":"https:\/\/shop.hanaton.hu\/index.php?rest_route=\/wp\/v2\/product\/51","targetHints":{"allow":["GET"]}}],"collection":[{"href":"https:\/\/shop.hanaton.hu\/index.php?rest_route=\/wp\/v2\/product"}],"about":[{"href":"https:\/\/shop.hanaton.hu\/index.php?rest_route=\/wp\/v2\/types\/product"}],"replies":[{"embeddable":true,"href":"https:\/\/shop.hanaton.hu\/index.php?rest_route=%2Fwp%2Fv2%2Fcomments&post=51"}],"wp:featuredmedia":[{"embeddable":true,"href":"https:\/\/shop.hanaton.hu\/index.php?rest_route=\/wp\/v2\/media\/247"}],"wp:attachment":[{"href":"https:\/\/shop.hanaton.hu\/index.php?rest_route=%2Fwp%2Fv2%2Fmedia&parent=51"}],"wp:term":[{"taxonomy":"product_brand","embeddable":true,"href":"https:\/\/shop.hanaton.hu\/index.php?rest_route=%2Fwp%2Fv2%2Fproduct_brand&post=51"},{"taxonomy":"product_cat","embeddable":true,"href":"https:\/\/shop.hanaton.hu\/index.php?rest_route=%2Fwp%2Fv2%2Fproduct_cat&post=51"},{"taxonomy":"product_tag","embeddable":true,"href":"https:\/\/shop.hanaton.hu\/index.php?rest_route=%2Fwp%2Fv2%2Fproduct_tag&post=51"}],"curies":[{"name":"wp","href":"https:\/\/api.w.org\/{rel}","templated":true}]}}