{"id":47,"date":"2023-09-07T22:41:09","date_gmt":"2023-09-07T20:41:09","guid":{"rendered":"https:\/\/shop.hanaton.hu\/?post_type=product&#038;p=47"},"modified":"2025-12-11T23:18:18","modified_gmt":"2025-12-11T22:18:18","slug":"audio-technica-lp5x-lemezjatszo","status":"publish","type":"product","link":"https:\/\/shop.hanaton.hu\/?product=audio-technica-lp5x-lemezjatszo","title":{"rendered":"Audio-Technica LP5X lemezj\u00e1tsz\u00f3"},"content":{"rendered":"<h3>Teljesen manu\u00e1lis direkt meghajt\u00e1s\u00fa lemezj\u00e1tsz\u00f3<\/h3>\n<p>Az Audio-Technica anal\u00f3g \u00f6r\u00f6ks\u00e9g\u00e9re \u00e9s a t\u00f6bb mint \u00f6tven \u00e9ves jap\u00e1n audiotervez\u00e9sre \u00e9p\u00edtve az AT-LP5x fejlett technol\u00f3gi\u00e1val rendelkezik, mik\u00f6zben meg\u0151rzi el\u0151dje, az AT-LP5 kort\u00e1rs st\u00edlus\u00e1t \u00e9s elismert teljes\u00edtm\u00e9ny\u00e9t.<\/p>\n<p>Az LP5x megtartja a J alak\u00fa hang kart, amelyet a 60-as \u00e9s 70-es \u00e9vek klasszikus Audio-Technica modelljei ihlettek, \u00e9s tartalmaz egy f\u00e9m leng\u0151kar-felf\u00fcggeszt\u00e9si rendszert \u00e9s prec\u00edzi\u00f3s csap\u00e1gyakat a k\u00f6vet\u00e9si hib\u00e1k cs\u00f6kkent\u00e9se \u00e9rdek\u00e9ben. A hangoszlop tartalmaz m\u00e9g \u00e1ll\u00edthat\u00f3 ellens\u00falyt \u00e9s cs\u00fasz\u00e1s g\u00e1tl\u00f3t, tov\u00e1bb\u00e1, k\u00f6nny\u0171 (9,3g) AT-HS6 fejr\u00e9sz \u00e9s fekete AT-VM95E kett\u0151s mozgat\u00e1s\u00fa m\u00e1gnes sztere\u00f3 patronnal van felszerelve.<\/p>\n<p>Forg\u00f3t\u00e1ny\u00e9r vibr\u00e1ci\u00f3csillap\u00edt\u00f3 anyagokb\u00f3l \u00e9s nagy t\u00f6meg\u0171 f\u00e9m alv\u00e1zbet\u00e9tekb\u0151l k\u00e9sz\u00edtett\u00e9k, az AT-LP5x forg\u00f3t\u00e1ny\u00e9rt \u00fagy tervezt\u00e9k, hogy korl\u00e1tozza az alacsony frekvenci\u00e1j\u00fa akusztikus visszajelz\u00e9st. Prec\u00edzen megmunk\u00e1lt, \u00f6nt\u00f6tt alum\u00ednium hanglemez k\u00f6zvetlen hajt\u00e1s\u00fa, alacsony zajszint\u0171 direkt meghajt\u00e1s\u00fa motor hajtja, amely biztos\u00edtja a stabil tengelyes forg\u00e1st 33-1\/3, 45 \u00e9s 78 fordulat\/perc sebess\u00e9gn\u00e9l. Az 5 mm vastag gumi csillap\u00edt\u00f3 al\u00e1t\u00e9t, elk\u00fcl\u00f6n\u00edti az alacsony frekvenci\u00e1j\u00fa visszacsatol\u00e1st, mik\u00f6zben rendk\u00edv\u00fcl stabil fel\u00fcletet biztos\u00edt minden LP form\u00e1tum sz\u00e1m\u00e1ra, a hanglemez tetej\u00e9n.<\/p>\n<p>Az AT-LP5x be\u00e9p\u00edtett kapcsolhat\u00f3 MM\/MC hifi\/vezet\u00e9k el\u0151er\u0151s\u00edt\u0151vel rendelkezik, amely lehet\u0151v\u00e9 teszi, hogy k\u00f6zvetlen\u00fcl csatlakozzon a sz\u00e1m\u00edt\u00f3g\u00e9phez, otthoni sztere\u00f3 k\u00e9sz\u00fcl\u00e9khez, t\u00e1pfesz\u00fclts\u00e9g\u0171 hangsz\u00f3r\u00f3khoz \u00e9s m\u00e1s k\u00e9sz\u00fcl\u00e9kekhez, amelyeknek nincs k\u00fcl\u00f6n lemezj\u00e1tsz\u00f3 bemenete. Az MM\/MC patronok v\u00e1laszt\u00e9ka lehet\u0151v\u00e9 teszi a mozgathat\u00f3 tekercs k\u00f6nny\u0171 kicser\u00e9l\u00e9s\u00e9t, az adott felszerel\u00e9ssel. A forg\u00f3t\u00e1ny\u00e9r USB-kimenettel van felszerelve, hogy k\u00f6zvetlen\u00fcl csatlakozhasson a sz\u00e1m\u00edt\u00f3g\u00e9phez.<\/p>\n<ul>\n<li>Direkt meghajt\u00f3, alacsony zajszint\u0171 motor<\/li>\n<li>Teljes k\u00e9zi m\u0171k\u00f6dtet\u00e9s h\u00e1rom sebess\u00e9ggel: 33-1\/3, 45 \u00e9s 78 fordulat\/perc<\/li>\n<li>AT-VM95E Dual Moving Magnet sztere\u00f3 patron (fekete) cser\u00e9lhet\u0151 ceruz\u00e1val<\/li>\n<li>K\u00f6nny\u0171 AT-HS6 fejr\u00e9sz<\/li>\n<li>A J alak\u00fa hangkar, amelyet a 60-as \u00e9s 70-es \u00e9vek eredeti Audio-Technica tervei alapj\u00e1n modelleztek, \u00fagy tervezt\u00e9k, hogy minimaliz\u00e1lja a k\u00f6vet\u00e9si hib\u00e1kat<\/li>\n<li>A kapcsolhat\u00f3 MM\/MC be\u00e9p\u00edtett el\u0151er\u0151s\u00edt\u0151 \u00e9s vezet\u00e9k lehet\u0151v\u00e9 teszi a komponensekhez t\u00f6rt\u00e9n\u0151 csatlakoztat\u00e1st dedik\u00e1lt hifi bemenettel vagy an\u00e9lk\u00fcl<\/li>\n<li>Rezonanciaellenes, \u00f6nt\u00f6tt alum\u00ednium hanglemez<\/li>\n<li>Neh\u00e9z gumi csillap\u00edt\u00f3 al\u00e1t\u00e9t a jobb alacsony frekvenci\u00e1j\u00fa reprodukci\u00f3 \u00e9rdek\u00e9ben<\/li>\n<li>AC adapter az AC\/DC \u00e1talak\u00edt\u00e1st kezeli az alv\u00e1zon k\u00edv\u00fcl, cs\u00f6kkentve a zajt a jelben<\/li>\n<li>Eleg\u00e1ns matt fekete kivitelez\u00e9s<\/li>\n<li>Tartalmaz kett\u0151s RCA (dugaszt) a kett\u0151s RCA (dugaszhoz) sztere\u00f3 k\u00e1belt, 45 fordulat\/perc adaptert, \u00e9s USB k\u00e1belt<\/li>\n<li>Mell\u00e9kelt porv\u00e9d\u0151 huzat \u00e9s r\u00f6gz\u00edt\u0151eszk\u00f6z\u00f6k<\/li>\n<\/ul>\n<div><\/div>\n<div>\n<table id=\"product-attribute-specs-table\" class=\"c-table c-table--spec js-expandable-table__table\">\n<tbody>\n<tr class=\"\">\n<th scope=\"row\">T\u00edpus<\/th>\n<td>H\u00e1rmas sebess\u00e9g\u0171, teljes k\u00e9zi m\u0171k\u00f6dtet\u00e9s<\/td>\n<\/tr>\n<tr class=\"\">\n<th scope=\"row\">Motor<\/th>\n<td>Egyen\u00e1ram\u00fa motor<\/td>\n<\/tr>\n<tr class=\"\">\n<th scope=\"row\">Meghajt\u00e1s<\/th>\n<td>Direkt meghajt\u00f3<\/td>\n<\/tr>\n<tr class=\"\">\n<th scope=\"row\">Sebess\u00e9gek<\/th>\n<td>33-1\/3; 45; \u00e9s 78 fordulat\/perc<\/td>\n<\/tr>\n<tr class=\"\">\n<th scope=\"row\">Lemezt\u00e1ny\u00e9r<\/th>\n<td>\u00d6nt\u00f6tt alum\u00ednium<\/td>\n<\/tr>\n<\/tbody>\n<\/table>\n<\/div>\n","protected":false},"excerpt":{"rendered":"<div class=\"c-expander-banner__text\">\n<div class=\"s-cms-content\">Teljesen manu\u00e1lis direkt meghajt\u00e1s\u00fa lemezj\u00e1tsz\u00f3!<\/div>\n<div>Az Audio-Technica gazdag anal\u00f3g \u00f6r\u00f6ks\u00e9g\u00e9b\u0151l sz\u00fcletett AT-LP5x lemezj\u00e1tsz\u00f3 J-form\u00e1j\u00fa hangkarral van felszerelve, amihez az isnpir\u00e1ci\u00f3t az 1960-as \u00e9s \u201970-es \u00e9vek klasszikus A-T modelljei adt\u00e1k.<\/div>\n<\/div>\n","protected":false},"featured_media":91,"comment_status":"closed","ping_status":"closed","template":"","meta":{"_uag_custom_page_level_css":"","site-sidebar-layout":"default","site-content-layout":"","ast-site-content-layout":"default","site-content-style":"default","site-sidebar-style":"default","ast-global-header-display":"","ast-banner-title-visibility":"","ast-main-header-display":"","ast-hfb-above-header-display":"","ast-hfb-below-header-display":"","ast-hfb-mobile-header-display":"","site-post-title":"","ast-breadcrumbs-content":"","ast-featured-img":"","footer-sml-layout":"","ast-disable-related-posts":"","theme-transparent-header-meta":"default","adv-header-id-meta":"","stick-header-meta":"","header-above-stick-meta":"","header-main-stick-meta":"","header-below-stick-meta":"","astra-migrate-meta-layouts":"set","ast-page-background-enabled":"default","ast-page-background-meta":{"desktop":{"background-color":"var(--ast-global-color-4)","background-image":"","background-repeat":"repeat","background-position":"center center","background-size":"auto","background-attachment":"scroll","background-type":"","background-media":"","overlay-type":"","overlay-color":"","overlay-opacity":"","overlay-gradient":""},"tablet":{"background-color":"","background-image":"","background-repeat":"repeat","background-position":"center center","background-size":"auto","background-attachment":"scroll","background-type":"","background-media":"","overlay-type":"","overlay-color":"","overlay-opacity":"","overlay-gradient":""},"mobile":{"background-color":"","background-image":"","background-repeat":"repeat","background-position":"center center","background-size":"auto","background-attachment":"scroll","background-type":"","background-media":"","overlay-type":"","overlay-color":"","overlay-opacity":"","overlay-gradient":""}},"ast-content-background-meta":{"desktop":{"background-color":"var(--ast-global-color-5)","background-image":"","background-repeat":"repeat","background-position":"center center","background-size":"auto","background-attachment":"scroll","background-type":"","background-media":"","overlay-type":"","overlay-color":"","overlay-opacity":"","overlay-gradient":""},"tablet":{"background-color":"var(--ast-global-color-5)","background-image":"","background-repeat":"repeat","background-position":"center center","background-size":"auto","background-attachment":"scroll","background-type":"","background-media":"","overlay-type":"","overlay-color":"","overlay-opacity":"","overlay-gradient":""},"mobile":{"background-color":"var(--ast-global-color-5)","background-image":"","background-repeat":"repeat","background-position":"center center","background-size":"auto","background-attachment":"scroll","background-type":"","background-media":"","overlay-type":"","overlay-color":"","overlay-opacity":"","overlay-gradient":""}}},"product_brand":[],"product_cat":[19],"product_tag":[],"class_list":{"0":"post-47","1":"product","2":"type-product","3":"status-publish","4":"has-post-thumbnail","6":"product_cat-lemezjatszok","7":"desktop-align-left","8":"tablet-align-left","9":"mobile-align-left","11":"first","12":"instock","13":"taxable","14":"shipping-taxable","15":"purchasable","16":"product-type-simple"},"supplier_id":null,"supplier_sku":"","barcode":null,"atum_controlled":true,"out_stock_date":null,"out_stock_threshold":null,"inheritable":false,"inbound_stock":0,"stock_on_hold":0,"sold_today":0,"sales_last_days":0,"reserved_stock":0,"customer_returns":0,"warehouse_damage":0,"lost_in_post":0,"other_logs":0,"out_stock_days":0,"lost_sales":0,"has_location":false,"update_date":"2026-04-29T04:22:28","atum_locations":[],"atum_stock_status":"instock","restock_status":false,"low_stock_amount":"","sales_update_date":"2026-04-29T04:22:28","calc_backorders":null,"uagb_featured_image_src":{"full":["https:\/\/shop.hanaton.hu\/wp-content\/uploads\/2023\/09\/at-lp5x_01.png",2000,2000,false],"thumbnail":["https:\/\/shop.hanaton.hu\/wp-content\/uploads\/2023\/09\/at-lp5x_01-150x150.png",150,150,true],"medium":["https:\/\/shop.hanaton.hu\/wp-content\/uploads\/2023\/09\/at-lp5x_01-300x300.png",300,300,true],"medium_large":["https:\/\/shop.hanaton.hu\/wp-content\/uploads\/2023\/09\/at-lp5x_01-768x768.png",768,768,true],"large":["https:\/\/shop.hanaton.hu\/wp-content\/uploads\/2023\/09\/at-lp5x_01-1024x1024.png",1024,1024,true],"1536x1536":["https:\/\/shop.hanaton.hu\/wp-content\/uploads\/2023\/09\/at-lp5x_01-1536x1536.png",1536,1536,true],"2048x2048":["https:\/\/shop.hanaton.hu\/wp-content\/uploads\/2023\/09\/at-lp5x_01.png",2000,2000,false],"woocommerce_thumbnail":["https:\/\/shop.hanaton.hu\/wp-content\/uploads\/2023\/09\/at-lp5x_01-300x300.png",300,300,true],"woocommerce_single":["https:\/\/shop.hanaton.hu\/wp-content\/uploads\/2023\/09\/at-lp5x_01-600x600.png",600,600,true],"woocommerce_gallery_thumbnail":["https:\/\/shop.hanaton.hu\/wp-content\/uploads\/2023\/09\/at-lp5x_01-100x100.png",100,100,true]},"uagb_author_info":{"display_name":"admin","author_link":"https:\/\/shop.hanaton.hu\/?author=0"},"uagb_comment_info":0,"uagb_excerpt":"Teljesen manu\u00e1lis direkt meghajt\u00e1s\u00fa lemezj\u00e1tsz\u00f3! Az Audio-Technica gazdag anal\u00f3g \u00f6r\u00f6ks\u00e9g\u00e9b\u0151l sz\u00fcletett AT-LP5x lemezj\u00e1tsz\u00f3 J-form\u00e1j\u00fa hangkarral van felszerelve, amihez az isnpir\u00e1ci\u00f3t az 1960-as \u00e9s \u201970-es \u00e9vek klasszikus A-T modelljei adt\u00e1k.","_links":{"self":[{"href":"https:\/\/shop.hanaton.hu\/index.php?rest_route=\/wp\/v2\/product\/47","targetHints":{"allow":["GET"]}}],"collection":[{"href":"https:\/\/shop.hanaton.hu\/index.php?rest_route=\/wp\/v2\/product"}],"about":[{"href":"https:\/\/shop.hanaton.hu\/index.php?rest_route=\/wp\/v2\/types\/product"}],"replies":[{"embeddable":true,"href":"https:\/\/shop.hanaton.hu\/index.php?rest_route=%2Fwp%2Fv2%2Fcomments&post=47"}],"wp:featuredmedia":[{"embeddable":true,"href":"https:\/\/shop.hanaton.hu\/index.php?rest_route=\/wp\/v2\/media\/91"}],"wp:attachment":[{"href":"https:\/\/shop.hanaton.hu\/index.php?rest_route=%2Fwp%2Fv2%2Fmedia&parent=47"}],"wp:term":[{"taxonomy":"product_brand","embeddable":true,"href":"https:\/\/shop.hanaton.hu\/index.php?rest_route=%2Fwp%2Fv2%2Fproduct_brand&post=47"},{"taxonomy":"product_cat","embeddable":true,"href":"https:\/\/shop.hanaton.hu\/index.php?rest_route=%2Fwp%2Fv2%2Fproduct_cat&post=47"},{"taxonomy":"product_tag","embeddable":true,"href":"https:\/\/shop.hanaton.hu\/index.php?rest_route=%2Fwp%2Fv2%2Fproduct_tag&post=47"}],"curies":[{"name":"wp","href":"https:\/\/api.w.org\/{rel}","templated":true}]}}