{"id":465,"date":"2024-01-27T20:04:40","date_gmt":"2024-01-27T19:04:40","guid":{"rendered":"https:\/\/shop.hanaton.hu\/?product=audio-technica-ath-a550z-art-monitor-closed-back-dynamic-headphones"},"modified":"2025-12-14T22:20:18","modified_gmt":"2025-12-14T21:20:18","slug":"audio-technica-ath-a550z-art-monitor-closed-back-dynamic-headphones","status":"publish","type":"product","link":"https:\/\/shop.hanaton.hu\/?product=audio-technica-ath-a550z-art-monitor-closed-back-dynamic-headphones","title":{"rendered":"Audio-Technica ATH-A550Z Art Monitor Closed Back Dynamic Headphones"},"content":{"rendered":"<div id=\"description\" class=\"details_accordion__item active\">\n<div class=\"details_accordion-content\">\n<div class=\"details_accordion-content-inner\">\n<div>\n<h3>\u00dajgener\u00e1ci\u00f3s, z\u00e1rt, Hi-Fi fejhallgat\u00f3<\/h3>\n<p>Az \u00fajgener\u00e1ci\u00f3s Art Monitor fejhallgat\u00f3,az ATH-A550Z, t\u00f6k\u00e9letes tisztas\u00e1g\u00fa hangz\u00e1ssal k\u00e9nyezteti a HiFi rajong\u00f3kat. K\u00e9t legfontosabb jellemz\u0151je az \u00fajratervezett 53 mm-es meghajt\u00f3 \u00e9s a jellegzetes matt fekete k\u00fcls\u0151.<\/p>\n<ul>\n<li>Az \u00fajratervezett 53 mm-es meghajt\u00f3k k\u00edn\u00e1lj\u00e1k az els\u0151rend\u0171 hangz\u00e1st \u00e9s teljes\u00edtm\u00e9nyt.<\/li>\n<li>Az innovat\u00edv 3D wing support t\u00e1maszt\u00e1s hossz\u00fa t\u00e1von is k\u00e9nyelmess\u00e9 teszi a fejhallgat\u00f3t<\/li>\n<li>Jellegzetes matt fekete k\u00fcls\u0151<\/li>\n<li>Kiv\u00e1l\u00f3 min\u0151s\u00e9g\u0171 \u00e9s puha f\u00fclp\u00e1rn\u00e1k<\/li>\n<li>Double Air Damping System \u00e1ltal \u00a0k\u00e9pes igazi zeng\u0151 basszust megjelen\u00edteni a teljes als\u00f3 tartom\u00e1nyban<\/li>\n<li>3 m csavarod\u00e1smentes k\u00e1bel<\/li>\n<\/ul>\n<h3>\u201caudiofil \u00e9lm\u00e9ny\u201d<\/h3>\n<p>\u00dajratervezett 52 mm-es driverek az audiofil-min\u0151s\u00e9g\u0171 hangz\u00e1s \u00e9rdek\u00e9ben.<\/p>\n<h3>\u201cK\u00e9nyelem\u201d<\/h3>\n<p>A pr\u00e9mium min\u0151s\u00e9g\u0171, puha f\u00fclp\u00e1rn\u00e1k hossz\u00fa t\u00e1von is biztos\u00edtj\u00e1k a \u00a0k\u00e9nyelmet.<\/p>\n<h3>\u201cKITERJEDT M\u00c9LY FREKVENCIA TARTOM\u00c1NY\u201d<\/h3>\n<p>Double Air Damping System (dupla l\u00e9gkamr\u00e1s kialak\u00edt\u00e1s) igaz\u00e1n zeng\u0151 m\u00e9ly hangokat k\u00e9pes produk\u00e1lni a teljes m\u00e9ly tartom\u00e1nyban<\/p>\n<h3>TOV\u00c1BBFEJLESZTETT 3D WING SUPPORT<\/h3>\n<p>\u00dajra tervezett, \u00f6nmag\u00e1t\u00f3l be\u00e1ll\u00f3 3D WingSupport \u00a0fejt\u00e1masszal a fejhallgat\u00f3 visel\u00e9sehossz\u00fa t\u00e1von is k\u00e9nyelmes.<\/p>\n<h3>PR\u00c9MIUM KATEG\u00d3RI\u00c1S\u00a0F\u00dcLP\u00c1RN\u00c1K<\/h3>\n<p>A hossz\u00fa t\u00e1v\u00fa viselhet\u0151s\u00e9g \u00e9rdek\u00e9ben azATH-A550Z fejhallgat\u00f3k pr\u00e9mium min\u0151s\u00e9g\u0171, puha f\u00fclp\u00e1rn\u00e1kkal rendelkeznek.<\/p>\n<h3>vissza a feket\u00e9hez<\/h3>\n<p>Az ATH-A550Z jellegzetes matt fekete k\u00fcls\u0151vel j\u00f6n.<\/p>\n<h3>CSAVAROD\u00c1SMENTES VEZET\u00c9K<\/h3>\n<p>3m-es textilbor\u00edt\u00e1s\u00fa, csavarod\u00e1smentes vezet\u00e9k.<\/p>\n<\/div>\n<\/div>\n<\/div>\n<\/div>\n<div id=\"product.attributes.container\" class=\"details_accordion__item active\">\n<div class=\"details_accordion-content\">\n<div class=\"details_accordion-content-inner\">\n<div id=\"product-attributes\">\n<table class=\"product__attributes product__table active\">\n<tbody>\n<tr class=\"attributes__group-title\">\n<th class=\"attributes__group-title--text\" colspan=\"2\">Headphones<\/th>\n<\/tr>\n<tr class=\"attributes__tr\">\n<th class=\"attributes__th\" scope=\"row\">T\u00edpus<\/th>\n<td class=\"attributes__td\" data-th=\"T\u00edpus\">Z\u00e1rt, Dinamikus<\/td>\n<\/tr>\n<tr class=\"attributes__tr\">\n<th class=\"attributes__th\" scope=\"row\">Meghajt\u00f3 \u00e1tm\u00e9r\u0151<\/th>\n<td class=\"attributes__td\" data-th=\"Meghajt\u00f3 \u00e1tm\u00e9r\u0151\">53 mm<\/td>\n<\/tr>\n<tr class=\"attributes__tr\">\n<th class=\"attributes__th\" scope=\"row\">Frekvencia \u00e1tvitel<\/th>\n<td class=\"attributes__td\" data-th=\"Frekvencia \u00e1tvitel\">5 \u2013 35 000Hz<\/td>\n<\/tr>\n<tr class=\"attributes__tr\">\n<th class=\"attributes__th\" scope=\"row\">Maxim\u00e1lis terhelhet\u0151s\u00e9g<\/th>\n<td class=\"attributes__td\" data-th=\"Maxim\u00e1lis terhelhet\u0151s\u00e9g\">1 000 mW<\/td>\n<\/tr>\n<tr class=\"attributes__tr\">\n<th class=\"attributes__th\" scope=\"row\">\u00c9rz\u00e9kenys\u00e9g<\/th>\n<td class=\"attributes__td\" data-th=\"\u00c9rz\u00e9kenys\u00e9g\">100 dB\/mW<\/td>\n<\/tr>\n<tr class=\"attributes__tr\">\n<th class=\"attributes__th\" scope=\"row\">Impedancia<\/th>\n<td class=\"attributes__td\" data-th=\"Impedancia\">40 Ohm<\/td>\n<\/tr>\n<tr class=\"attributes__tr\">\n<th class=\"attributes__th\" scope=\"row\">T\u00f6meg<\/th>\n<td class=\"attributes__td\" data-th=\"T\u00f6meg\">300 g (vezet\u00e9k n\u00e9lk\u00fcl)<\/td>\n<\/tr>\n<tr class=\"attributes__tr\">\n<th class=\"attributes__th\" scope=\"row\">K\u00e1bel<\/th>\n<td class=\"attributes__td\" data-th=\"K\u00e1bel\">3m<\/td>\n<\/tr>\n<tr class=\"attributes__tr\">\n<th class=\"attributes__th\" scope=\"row\">Csatlakoz\u00f3<\/th>\n<td class=\"attributes__td\" data-th=\"Csatlakoz\u00f3\">6,3\/3,5 mm aranyozott sztere\u00f3 Jack (TRS)<\/td>\n<\/tr>\n<\/tbody>\n<\/table>\n<div class=\"product__attributes--button\"><\/div>\n<\/div>\n<\/div>\n<\/div>\n<\/div>\n","protected":false},"excerpt":{"rendered":"<p>Az \u00fajgener\u00e1ci\u00f3s Art Monitor fejhallgat\u00f3,az ATH-A550Z, t\u00f6k\u00e9letes tisztas\u00e1g\u00fa hangz\u00e1ssal k\u00e9nyezteti a HiFi rajong\u00f3kat. K\u00e9t legfontosabb jellemz\u0151je az \u00fajratervezett 53 mm-es meghajt\u00f3 \u00e9s a jellegzetes matt fekete k\u00fcls\u0151.<\/p>\n","protected":false},"featured_media":686,"comment_status":"closed","ping_status":"closed","template":"","meta":{"_uag_custom_page_level_css":"","site-sidebar-layout":"default","site-content-layout":"","ast-site-content-layout":"default","site-content-style":"default","site-sidebar-style":"default","ast-global-header-display":"","ast-banner-title-visibility":"","ast-main-header-display":"","ast-hfb-above-header-display":"","ast-hfb-below-header-display":"","ast-hfb-mobile-header-display":"","site-post-title":"","ast-breadcrumbs-content":"","ast-featured-img":"","footer-sml-layout":"","ast-disable-related-posts":"","theme-transparent-header-meta":"default","adv-header-id-meta":"","stick-header-meta":"","header-above-stick-meta":"","header-main-stick-meta":"","header-below-stick-meta":"","astra-migrate-meta-layouts":"set","ast-page-background-enabled":"default","ast-page-background-meta":{"desktop":{"background-color":"var(--ast-global-color-4)","background-image":"","background-repeat":"repeat","background-position":"center center","background-size":"auto","background-attachment":"scroll","background-type":"","background-media":"","overlay-type":"","overlay-color":"","overlay-opacity":"","overlay-gradient":""},"tablet":{"background-color":"","background-image":"","background-repeat":"repeat","background-position":"center center","background-size":"auto","background-attachment":"scroll","background-type":"","background-media":"","overlay-type":"","overlay-color":"","overlay-opacity":"","overlay-gradient":""},"mobile":{"background-color":"","background-image":"","background-repeat":"repeat","background-position":"center center","background-size":"auto","background-attachment":"scroll","background-type":"","background-media":"","overlay-type":"","overlay-color":"","overlay-opacity":"","overlay-gradient":""}},"ast-content-background-meta":{"desktop":{"background-color":"var(--ast-global-color-5)","background-image":"","background-repeat":"repeat","background-position":"center center","background-size":"auto","background-attachment":"scroll","background-type":"","background-media":"","overlay-type":"","overlay-color":"","overlay-opacity":"","overlay-gradient":""},"tablet":{"background-color":"var(--ast-global-color-5)","background-image":"","background-repeat":"repeat","background-position":"center center","background-size":"auto","background-attachment":"scroll","background-type":"","background-media":"","overlay-type":"","overlay-color":"","overlay-opacity":"","overlay-gradient":""},"mobile":{"background-color":"var(--ast-global-color-5)","background-image":"","background-repeat":"repeat","background-position":"center center","background-size":"auto","background-attachment":"scroll","background-type":"","background-media":"","overlay-type":"","overlay-color":"","overlay-opacity":"","overlay-gradient":""}}},"product_brand":[],"product_cat":[39],"product_tag":[],"class_list":{"0":"post-465","1":"product","2":"type-product","3":"status-publish","4":"has-post-thumbnail","6":"product_cat-hi-fi-headphones","7":"desktop-align-left","8":"tablet-align-left","9":"mobile-align-left","11":"first","12":"instock","13":"taxable","14":"shipping-taxable","15":"purchasable","16":"product-type-simple"},"supplier_id":null,"supplier_sku":"","barcode":null,"atum_controlled":true,"out_stock_date":null,"out_stock_threshold":null,"inheritable":false,"inbound_stock":0,"stock_on_hold":0,"sold_today":0,"sales_last_days":0,"reserved_stock":0,"customer_returns":0,"warehouse_damage":0,"lost_in_post":0,"other_logs":0,"out_stock_days":0,"lost_sales":0,"has_location":false,"update_date":"2026-05-01T04:23:39","atum_locations":[],"atum_stock_status":"instock","restock_status":false,"low_stock_amount":"","sales_update_date":"2026-05-01T04:23:39","calc_backorders":null,"uagb_featured_image_src":{"full":["https:\/\/shop.hanaton.hu\/wp-content\/uploads\/ath-a550z_01.png.webp",700,700,false],"thumbnail":["https:\/\/shop.hanaton.hu\/wp-content\/uploads\/ath-a550z_01.png-150x150.webp",150,150,true],"medium":["https:\/\/shop.hanaton.hu\/wp-content\/uploads\/ath-a550z_01.png-300x300.webp",300,300,true],"medium_large":["https:\/\/shop.hanaton.hu\/wp-content\/uploads\/ath-a550z_01.png.webp",700,700,false],"large":["https:\/\/shop.hanaton.hu\/wp-content\/uploads\/ath-a550z_01.png.webp",700,700,false],"1536x1536":["https:\/\/shop.hanaton.hu\/wp-content\/uploads\/ath-a550z_01.png.webp",700,700,false],"2048x2048":["https:\/\/shop.hanaton.hu\/wp-content\/uploads\/ath-a550z_01.png.webp",700,700,false],"woocommerce_thumbnail":["https:\/\/shop.hanaton.hu\/wp-content\/uploads\/ath-a550z_01.png-300x300.webp",300,300,true],"woocommerce_single":["https:\/\/shop.hanaton.hu\/wp-content\/uploads\/ath-a550z_01.png-600x600.webp",600,600,true],"woocommerce_gallery_thumbnail":["https:\/\/shop.hanaton.hu\/wp-content\/uploads\/ath-a550z_01.png-100x100.webp",100,100,true]},"uagb_author_info":{"display_name":"admin","author_link":"https:\/\/shop.hanaton.hu\/?author=0"},"uagb_comment_info":0,"uagb_excerpt":"Az \u00fajgener\u00e1ci\u00f3s Art Monitor fejhallgat\u00f3,az ATH-A550Z, t\u00f6k\u00e9letes tisztas\u00e1g\u00fa hangz\u00e1ssal k\u00e9nyezteti a HiFi rajong\u00f3kat. K\u00e9t legfontosabb jellemz\u0151je az \u00fajratervezett 53 mm-es meghajt\u00f3 \u00e9s a jellegzetes matt fekete k\u00fcls\u0151.","_links":{"self":[{"href":"https:\/\/shop.hanaton.hu\/index.php?rest_route=\/wp\/v2\/product\/465","targetHints":{"allow":["GET"]}}],"collection":[{"href":"https:\/\/shop.hanaton.hu\/index.php?rest_route=\/wp\/v2\/product"}],"about":[{"href":"https:\/\/shop.hanaton.hu\/index.php?rest_route=\/wp\/v2\/types\/product"}],"replies":[{"embeddable":true,"href":"https:\/\/shop.hanaton.hu\/index.php?rest_route=%2Fwp%2Fv2%2Fcomments&post=465"}],"wp:featuredmedia":[{"embeddable":true,"href":"https:\/\/shop.hanaton.hu\/index.php?rest_route=\/wp\/v2\/media\/686"}],"wp:attachment":[{"href":"https:\/\/shop.hanaton.hu\/index.php?rest_route=%2Fwp%2Fv2%2Fmedia&parent=465"}],"wp:term":[{"taxonomy":"product_brand","embeddable":true,"href":"https:\/\/shop.hanaton.hu\/index.php?rest_route=%2Fwp%2Fv2%2Fproduct_brand&post=465"},{"taxonomy":"product_cat","embeddable":true,"href":"https:\/\/shop.hanaton.hu\/index.php?rest_route=%2Fwp%2Fv2%2Fproduct_cat&post=465"},{"taxonomy":"product_tag","embeddable":true,"href":"https:\/\/shop.hanaton.hu\/index.php?rest_route=%2Fwp%2Fv2%2Fproduct_tag&post=465"}],"curies":[{"name":"wp","href":"https:\/\/api.w.org\/{rel}","templated":true}]}}