{"id":239,"date":"2023-09-08T15:10:07","date_gmt":"2023-09-08T13:10:07","guid":{"rendered":"https:\/\/shop.hanaton.hu\/?post_type=product&#038;p=239"},"modified":"2025-12-15T22:18:04","modified_gmt":"2025-12-15T21:18:04","slug":"audio-technica-lpw40wn","status":"publish","type":"product","link":"https:\/\/shop.hanaton.hu\/?product=audio-technica-lpw40wn","title":{"rendered":"Audio-Technica LPW40WN lemezj\u00e1tsz\u00f3"},"content":{"rendered":"<p>Manu\u00e1lis, sz\u00edjhajt\u00e1s\u00fa, faalj\u00fa lemezj\u00e1tsz\u00f3<br \/>\nAT-LPW40WN manu\u00e1lis, sz\u00edjhajt\u00e1s\u00fa, faalj\u00fa lemezj\u00e1tsz\u00f3 \u2013 erezett di\u00f3fa hat\u00e1s\u00fa kialak\u00edt\u00e1s, a be\u00e9p\u00edtett lemezj\u00e1tsz\u00f3-el\u0151er\u0151s\u00edt\u0151vel k\u00f6zvetlen\u00fcl az otthoni hangsz\u00f3r\u00f3khoz csatlakoztathat\u00f3, teljesen manu\u00e1lis, k\u00e9tsebess\u00e9ges sz\u00edjhajt\u00e1s: 33-1\/3 \u00e9s 45 fordulat\/perc<\/p>\n<table id=\"product-attribute-specs-table\" class=\"c-table c-table--spec js-expandable-table__table\">\n<tbody>\n<tr class=\"\">\n<th class=\"o-specifications-group-title \" colspan=\"2\" scope=\"row\">Turntable<\/th>\n<\/tr>\n<tr class=\"\">\n<th scope=\"row\">T\u00edpus<\/th>\n<td>K\u00e9tsebess\u00e9ges, teljesen k\u00e9zi m\u0171k\u00f6dtet\u00e9s<\/td>\n<\/tr>\n<tr class=\"\">\n<th scope=\"row\">Motor<\/th>\n<td>Egyen\u00e1ram\u00fa szervomotor stabil sebess\u00e9g biztos\u00edt\u00e1s\u00e1val<\/td>\n<\/tr>\n<tr class=\"\">\n<th scope=\"row\">Meghajt\u00e1s<\/th>\n<td>Sz\u00edjhajt\u00e1s<\/td>\n<\/tr>\n<tr class=\"\">\n<th scope=\"row\">Sebess\u00e9gek<\/th>\n<td>33-1\/3 \u00e9s 45 fordulat\/perc<\/td>\n<\/tr>\n<tr class=\"\">\n<th scope=\"row\">Ny\u00e1vog\u00e1s<\/th>\n<td>&lt; 0,15% WRMS (33 ford\/perc) 3 kHz-en<\/td>\n<\/tr>\n<tr class=\"\">\n<th scope=\"row\">Jel\/Zaj viszony<\/th>\n<td>&gt; 60 dB<\/td>\n<\/tr>\n<tr class=\"\">\n<th scope=\"row\">Kimeneti jelszint<\/th>\n<td>El\u0151er\u0151s\u00edt\u0151: \u201ePHONO\u201d (lemezj\u00e1tsz\u00f3): 4,0 mV n\u00e9vleges, 1 kHz-en, 5 cm\/s \u201eLINE\u201d (vonal) el\u0151er\u0151s\u00edt\u0151 : 200 mV n\u00e9vleges, 1 kHz-en, 5 cm\/s<\/td>\n<\/tr>\n<tr class=\"\">\n<th scope=\"row\">Phono fokozat er\u0151s\u00edt\u00e9se<\/th>\n<td>35 dB n\u00e9vleges, RIAA kiegyenl\u00edtett<\/td>\n<\/tr>\n<tr class=\"\">\n<th scope=\"row\">T\u00e1pell\u00e1t\u00e1s<\/th>\n<td>100\u2013240 V, 50\/60 Hz<\/td>\n<\/tr>\n<tr class=\"\">\n<th scope=\"row\">M\u00e9retek<\/th>\n<td>117 x 420 x 340 (Ma x Sz\u00e9 x M\u00e9 mm)<\/td>\n<\/tr>\n<tr class=\"\">\n<th scope=\"row\">T\u00f6meg<\/th>\n<td>5,0 kg<\/td>\n<\/tr>\n<tr class=\"\">\n<th scope=\"row\">Mell\u00e9kelt tartoz\u00e9kok<\/th>\n<td>AT-HS4BK fejr\u00e9sz<br \/>\nAT-VM95E Dual Moving Magnet hangszed\u0151 cser\u00e9lhet\u0151 elliptikus t\u0171vel<br \/>\nLevehet\u0151 RCA kimeneti k\u00e1bel (\u201ekett\u0151s RCA dugasz \u2013 kett\u0151s RCA dugasz\u201d kialak\u00edt\u00e1ssal)<br \/>\nAC adapter<br \/>\n45 fordulat\/perces adapter<br \/>\nEllens\u00faly<br \/>\nGumial\u00e1t\u00e9t<\/td>\n<\/tr>\n<\/tbody>\n<\/table>\n<p>Tov\u00e1bbi inform\u00e1ci\u00f3k: https:\/\/www.audio-technica.com\/hu-hu\/at-lpw40wn<\/p>\n","protected":false},"excerpt":{"rendered":"<p>St\u00edlusos fa lemezj\u00e1tsz\u00f3<br \/>\nB\u00e1rmilyen hifi rendszerhez remek r\u00e1ad\u00e1sk\u00e9nt, az AT-LPW40WN egy rezonanciamentes, di\u00f3fa fun\u00e9rral bor\u00edtott talplemezre \u00e9p\u00fcl, ami korl\u00e1tozza a m\u00e9lyfrekvenci\u00e1s akusztikus visszacsatol\u00e1st.<\/p>\n<p>A minden hangrendszerben leny\u0171g\u00f6z\u0151en teljes\u00edt\u0151 AT-LPW40WN erezett di\u00f3fa hat\u00e1s\u00fa, rezg\u00e9smentes alapzata korl\u00e1tozza az alacsony frekvenci\u00e1j\u00fa akusztikus visszacsatol\u00e1st.<\/p>\n","protected":false},"featured_media":240,"comment_status":"closed","ping_status":"closed","template":"","meta":{"_uag_custom_page_level_css":"","site-sidebar-layout":"default","site-content-layout":"","ast-site-content-layout":"default","site-content-style":"default","site-sidebar-style":"default","ast-global-header-display":"","ast-banner-title-visibility":"","ast-main-header-display":"","ast-hfb-above-header-display":"","ast-hfb-below-header-display":"","ast-hfb-mobile-header-display":"","site-post-title":"","ast-breadcrumbs-content":"","ast-featured-img":"","footer-sml-layout":"","ast-disable-related-posts":"","theme-transparent-header-meta":"","adv-header-id-meta":"","stick-header-meta":"","header-above-stick-meta":"","header-main-stick-meta":"","header-below-stick-meta":"","astra-migrate-meta-layouts":"default","ast-page-background-enabled":"default","ast-page-background-meta":{"desktop":{"background-color":"var(--ast-global-color-4)","background-image":"","background-repeat":"repeat","background-position":"center center","background-size":"auto","background-attachment":"scroll","background-type":"","background-media":"","overlay-type":"","overlay-color":"","overlay-opacity":"","overlay-gradient":""},"tablet":{"background-color":"","background-image":"","background-repeat":"repeat","background-position":"center center","background-size":"auto","background-attachment":"scroll","background-type":"","background-media":"","overlay-type":"","overlay-color":"","overlay-opacity":"","overlay-gradient":""},"mobile":{"background-color":"","background-image":"","background-repeat":"repeat","background-position":"center center","background-size":"auto","background-attachment":"scroll","background-type":"","background-media":"","overlay-type":"","overlay-color":"","overlay-opacity":"","overlay-gradient":""}},"ast-content-background-meta":{"desktop":{"background-color":"var(--ast-global-color-5)","background-image":"","background-repeat":"repeat","background-position":"center center","background-size":"auto","background-attachment":"scroll","background-type":"","background-media":"","overlay-type":"","overlay-color":"","overlay-opacity":"","overlay-gradient":""},"tablet":{"background-color":"var(--ast-global-color-5)","background-image":"","background-repeat":"repeat","background-position":"center center","background-size":"auto","background-attachment":"scroll","background-type":"","background-media":"","overlay-type":"","overlay-color":"","overlay-opacity":"","overlay-gradient":""},"mobile":{"background-color":"var(--ast-global-color-5)","background-image":"","background-repeat":"repeat","background-position":"center center","background-size":"auto","background-attachment":"scroll","background-type":"","background-media":"","overlay-type":"","overlay-color":"","overlay-opacity":"","overlay-gradient":""}}},"product_brand":[],"product_cat":[19],"product_tag":[23,24],"class_list":{"0":"post-239","1":"product","2":"type-product","3":"status-publish","4":"has-post-thumbnail","6":"product_cat-lemezjatszok","7":"product_tag-audio-technica","8":"product_tag-lemezjatszo","9":"desktop-align-left","10":"tablet-align-left","11":"mobile-align-left","13":"first","14":"instock","15":"taxable","16":"shipping-taxable","17":"purchasable","18":"product-type-simple"},"supplier_id":null,"supplier_sku":"","barcode":null,"atum_controlled":true,"out_stock_date":null,"out_stock_threshold":null,"inheritable":false,"inbound_stock":0,"stock_on_hold":0,"sold_today":0,"sales_last_days":0,"reserved_stock":0,"customer_returns":0,"warehouse_damage":0,"lost_in_post":0,"other_logs":0,"out_stock_days":0,"lost_sales":0,"has_location":false,"update_date":"2026-04-29T04:22:28","atum_locations":[],"atum_stock_status":"instock","restock_status":false,"low_stock_amount":"","sales_update_date":"2026-04-29T04:22:28","calc_backorders":null,"uagb_featured_image_src":{"full":["https:\/\/shop.hanaton.hu\/wp-content\/uploads\/2023\/09\/at-lpw40wn_01.png",2000,2000,false],"thumbnail":["https:\/\/shop.hanaton.hu\/wp-content\/uploads\/2023\/09\/at-lpw40wn_01-150x150.png",150,150,true],"medium":["https:\/\/shop.hanaton.hu\/wp-content\/uploads\/2023\/09\/at-lpw40wn_01-300x300.png",300,300,true],"medium_large":["https:\/\/shop.hanaton.hu\/wp-content\/uploads\/2023\/09\/at-lpw40wn_01-768x768.png",768,768,true],"large":["https:\/\/shop.hanaton.hu\/wp-content\/uploads\/2023\/09\/at-lpw40wn_01-1024x1024.png",1024,1024,true],"1536x1536":["https:\/\/shop.hanaton.hu\/wp-content\/uploads\/2023\/09\/at-lpw40wn_01-1536x1536.png",1536,1536,true],"2048x2048":["https:\/\/shop.hanaton.hu\/wp-content\/uploads\/2023\/09\/at-lpw40wn_01.png",2000,2000,false],"woocommerce_thumbnail":["https:\/\/shop.hanaton.hu\/wp-content\/uploads\/2023\/09\/at-lpw40wn_01-300x300.png",300,300,true],"woocommerce_single":["https:\/\/shop.hanaton.hu\/wp-content\/uploads\/2023\/09\/at-lpw40wn_01-600x600.png",600,600,true],"woocommerce_gallery_thumbnail":["https:\/\/shop.hanaton.hu\/wp-content\/uploads\/2023\/09\/at-lpw40wn_01-100x100.png",100,100,true]},"uagb_author_info":{"display_name":"admin","author_link":"https:\/\/shop.hanaton.hu\/?author=0"},"uagb_comment_info":5,"uagb_excerpt":"St\u00edlusos fa lemezj\u00e1tsz\u00f3 B\u00e1rmilyen hifi rendszerhez remek r\u00e1ad\u00e1sk\u00e9nt, az AT-LPW40WN egy rezonanciamentes, di\u00f3fa fun\u00e9rral bor\u00edtott talplemezre \u00e9p\u00fcl, ami korl\u00e1tozza a m\u00e9lyfrekvenci\u00e1s akusztikus visszacsatol\u00e1st. A minden hangrendszerben leny\u0171g\u00f6z\u0151en teljes\u00edt\u0151 AT-LPW40WN erezett di\u00f3fa hat\u00e1s\u00fa, rezg\u00e9smentes alapzata korl\u00e1tozza az alacsony frekvenci\u00e1j\u00fa akusztikus visszacsatol\u00e1st.","_links":{"self":[{"href":"https:\/\/shop.hanaton.hu\/index.php?rest_route=\/wp\/v2\/product\/239","targetHints":{"allow":["GET"]}}],"collection":[{"href":"https:\/\/shop.hanaton.hu\/index.php?rest_route=\/wp\/v2\/product"}],"about":[{"href":"https:\/\/shop.hanaton.hu\/index.php?rest_route=\/wp\/v2\/types\/product"}],"replies":[{"embeddable":true,"href":"https:\/\/shop.hanaton.hu\/index.php?rest_route=%2Fwp%2Fv2%2Fcomments&post=239"}],"wp:featuredmedia":[{"embeddable":true,"href":"https:\/\/shop.hanaton.hu\/index.php?rest_route=\/wp\/v2\/media\/240"}],"wp:attachment":[{"href":"https:\/\/shop.hanaton.hu\/index.php?rest_route=%2Fwp%2Fv2%2Fmedia&parent=239"}],"wp:term":[{"taxonomy":"product_brand","embeddable":true,"href":"https:\/\/shop.hanaton.hu\/index.php?rest_route=%2Fwp%2Fv2%2Fproduct_brand&post=239"},{"taxonomy":"product_cat","embeddable":true,"href":"https:\/\/shop.hanaton.hu\/index.php?rest_route=%2Fwp%2Fv2%2Fproduct_cat&post=239"},{"taxonomy":"product_tag","embeddable":true,"href":"https:\/\/shop.hanaton.hu\/index.php?rest_route=%2Fwp%2Fv2%2Fproduct_tag&post=239"}],"curies":[{"name":"wp","href":"https:\/\/api.w.org\/{rel}","templated":true}]}}