{"id":1181,"date":"2025-12-13T21:00:40","date_gmt":"2025-12-13T20:00:40","guid":{"rendered":"https:\/\/shop.hanaton.hu\/?product=audio-technica-at-vmn95sp-vm95-series-78rpm-sp-replacement-stylus"},"modified":"2025-12-14T21:48:17","modified_gmt":"2025-12-14T20:48:17","slug":"audio-technica-at-vmn95sp-vm95-series-78rpm-sp-replacement-stylus","status":"publish","type":"product","link":"https:\/\/shop.hanaton.hu\/?product=audio-technica-at-vmn95sp-vm95-series-78rpm-sp-replacement-stylus","title":{"rendered":"Audio Technica AT-VMN95SP VM95 sorozat\u00fa 78 RPM SP cseret\u0171"},"content":{"rendered":"<p>Minden hangszed\u0151 gy\u00e9m\u00e1nt t\u0171je elkopik bizonyos id\u0151 ut\u00e1n.<\/p>\n<p>A k\u00fapos t\u0171 k\u00f6r\u00fclbel\u00fcl 500 \u00f3ra lej\u00e1tsz\u00e1s ut\u00e1n, az eilliptikus 300 \u00f3ra ut\u00e1n, a Microline 1000 \u00f3ra ut\u00e1n \u00e9s a Shibata \u00fagy 800 \u00f3r\u00e1nyi lej\u00e1tsz\u00e1s ut\u00e1n sz\u00e1m\u00edt kopottnak.<\/p>\n<p>A VM95 sorozat\u00fa du\u00e1l mozg\u00f3m\u00e1gneses hangszed\u0151nk szinte \u00f6r\u00f6k id\u0151kig haszn\u00e1lhat\u00f3, cser\u00e9lhet\u0151 t\u0171je r\u00e9v\u00e9n. Nem sz\u00fcks\u00e9ges komplett hangszed\u0151t v\u00e1s\u00e1rolni, ha a t\u0171 elkopott, egyszer\u0171en v\u00e1s\u00e1rolhat a hangszed\u0151h\u00f6z egy a kor\u00e1bbival megegyez\u0151 cseret\u0171t, de ak\u00e1r tov\u00e1bb is fejlesztheti a hangszed\u0151j\u00e9t egy m\u00e1sik fajta t\u0171vel a sorozatb\u00f3l.<\/p>\n<p>A VM95 sorozat hat hangszed\u0151je ugyanazt a testet alkalmazza, \u00edgy mind a hatf\u00e9le t\u0171 t\u00f6k\u00e9letesen kompatibilis.<\/p>\n<p>AT-VMN95C<\/p>\n<p>AT-VMN95E<\/p>\n<p>AT-VMN95EN<\/p>\n<p>AT-VMN95ML<\/p>\n<p>AT-VMN95SH<\/p>\n<p>AT-VMN95SP<\/p>\n<h4>K\u00fapos ragasztott t\u0171 (3mil)<\/h4>\n<p>K\u00fapos hegy\u0171 ragasztott t\u0171 nagy g\u00f6rb\u00fclet\u0171 heggyel. A g\u00f6rb\u00fcleti sug\u00e1r 3mil, ami j\u00f3l haszn\u00e1lhat\u00f3 k\u00fcl\u00f6nb\u00f6z\u0151 korszakokb\u00f3l sz\u00e1rmaz\u00f3 78 RPM-es lemezek lej\u00e1tsz\u00e1s\u00e1ra.<\/p>\n","protected":false},"excerpt":{"rendered":"<ul>\n<li>Alum\u00ednium t\u0171sz\u00e1r<\/li>\n<li>SP 3mil k\u00fapos t\u0171hegy<\/li>\n<li>Hengeres csapra ragasztott konstrukci\u00f3<\/li>\n<\/ul>\n","protected":false},"featured_media":1304,"comment_status":"open","ping_status":"closed","template":"","meta":{"_uag_custom_page_level_css":"","site-sidebar-layout":"default","site-content-layout":"","ast-site-content-layout":"default","site-content-style":"default","site-sidebar-style":"default","ast-global-header-display":"","ast-banner-title-visibility":"","ast-main-header-display":"","ast-hfb-above-header-display":"","ast-hfb-below-header-display":"","ast-hfb-mobile-header-display":"","site-post-title":"","ast-breadcrumbs-content":"","ast-featured-img":"","footer-sml-layout":"","ast-disable-related-posts":"","theme-transparent-header-meta":"default","adv-header-id-meta":"","stick-header-meta":"","header-above-stick-meta":"","header-main-stick-meta":"","header-below-stick-meta":"","astra-migrate-meta-layouts":"set","ast-page-background-enabled":"default","ast-page-background-meta":{"desktop":{"background-color":"var(--ast-global-color-4)","background-image":"","background-repeat":"repeat","background-position":"center center","background-size":"auto","background-attachment":"scroll","background-type":"","background-media":"","overlay-type":"","overlay-color":"","overlay-opacity":"","overlay-gradient":""},"tablet":{"background-color":"","background-image":"","background-repeat":"repeat","background-position":"center center","background-size":"auto","background-attachment":"scroll","background-type":"","background-media":"","overlay-type":"","overlay-color":"","overlay-opacity":"","overlay-gradient":""},"mobile":{"background-color":"","background-image":"","background-repeat":"repeat","background-position":"center center","background-size":"auto","background-attachment":"scroll","background-type":"","background-media":"","overlay-type":"","overlay-color":"","overlay-opacity":"","overlay-gradient":""}},"ast-content-background-meta":{"desktop":{"background-color":"var(--ast-global-color-5)","background-image":"","background-repeat":"repeat","background-position":"center center","background-size":"auto","background-attachment":"scroll","background-type":"","background-media":"","overlay-type":"","overlay-color":"","overlay-opacity":"","overlay-gradient":""},"tablet":{"background-color":"var(--ast-global-color-5)","background-image":"","background-repeat":"repeat","background-position":"center center","background-size":"auto","background-attachment":"scroll","background-type":"","background-media":"","overlay-type":"","overlay-color":"","overlay-opacity":"","overlay-gradient":""},"mobile":{"background-color":"var(--ast-global-color-5)","background-image":"","background-repeat":"repeat","background-position":"center center","background-size":"auto","background-attachment":"scroll","background-type":"","background-media":"","overlay-type":"","overlay-color":"","overlay-opacity":"","overlay-gradient":""}}},"product_brand":[],"product_cat":[50,54],"product_tag":[],"class_list":{"0":"post-1181","1":"product","2":"type-product","3":"status-publish","4":"has-post-thumbnail","6":"product_cat-tu-hangszedobe","7":"product_cat-tuk-es-hangszedo","8":"desktop-align-left","9":"tablet-align-left","10":"mobile-align-left","12":"first","13":"instock","14":"taxable","15":"shipping-taxable","16":"purchasable","17":"product-type-simple"},"supplier_id":null,"supplier_sku":"","barcode":null,"atum_controlled":true,"out_stock_date":null,"out_stock_threshold":null,"inheritable":false,"inbound_stock":0,"stock_on_hold":0,"sold_today":0,"sales_last_days":0,"reserved_stock":0,"customer_returns":0,"warehouse_damage":0,"lost_in_post":0,"other_logs":0,"out_stock_days":0,"lost_sales":0,"has_location":false,"update_date":"2026-04-30T04:23:34","atum_locations":[],"atum_stock_status":"instock","restock_status":false,"low_stock_amount":"","sales_update_date":"2026-04-30T04:23:34","calc_backorders":null,"uagb_featured_image_src":{"full":["https:\/\/shop.hanaton.hu\/wp-content\/uploads\/at-vmn95sp_01.png.webp",2000,2000,false],"thumbnail":["https:\/\/shop.hanaton.hu\/wp-content\/uploads\/at-vmn95sp_01.png-150x150.webp",150,150,true],"medium":["https:\/\/shop.hanaton.hu\/wp-content\/uploads\/at-vmn95sp_01.png-300x300.webp",300,300,true],"medium_large":["https:\/\/shop.hanaton.hu\/wp-content\/uploads\/at-vmn95sp_01.png-768x768.webp",768,768,true],"large":["https:\/\/shop.hanaton.hu\/wp-content\/uploads\/at-vmn95sp_01.png-1024x1024.webp",1024,1024,true],"1536x1536":["https:\/\/shop.hanaton.hu\/wp-content\/uploads\/at-vmn95sp_01.png-1536x1536.webp",1536,1536,true],"2048x2048":["https:\/\/shop.hanaton.hu\/wp-content\/uploads\/at-vmn95sp_01.png.webp",2000,2000,false],"woocommerce_thumbnail":["https:\/\/shop.hanaton.hu\/wp-content\/uploads\/at-vmn95sp_01.png-300x300.webp",300,300,true],"woocommerce_single":["https:\/\/shop.hanaton.hu\/wp-content\/uploads\/at-vmn95sp_01.png-600x600.webp",600,600,true],"woocommerce_gallery_thumbnail":["https:\/\/shop.hanaton.hu\/wp-content\/uploads\/at-vmn95sp_01.png-100x100.webp",100,100,true]},"uagb_author_info":{"display_name":"admin","author_link":"https:\/\/shop.hanaton.hu\/?author=0"},"uagb_comment_info":0,"uagb_excerpt":"Alum\u00ednium t\u0171sz\u00e1r SP 3mil k\u00fapos t\u0171hegy Hengeres csapra ragasztott konstrukci\u00f3","_links":{"self":[{"href":"https:\/\/shop.hanaton.hu\/index.php?rest_route=\/wp\/v2\/product\/1181","targetHints":{"allow":["GET"]}}],"collection":[{"href":"https:\/\/shop.hanaton.hu\/index.php?rest_route=\/wp\/v2\/product"}],"about":[{"href":"https:\/\/shop.hanaton.hu\/index.php?rest_route=\/wp\/v2\/types\/product"}],"replies":[{"embeddable":true,"href":"https:\/\/shop.hanaton.hu\/index.php?rest_route=%2Fwp%2Fv2%2Fcomments&post=1181"}],"wp:featuredmedia":[{"embeddable":true,"href":"https:\/\/shop.hanaton.hu\/index.php?rest_route=\/wp\/v2\/media\/1304"}],"wp:attachment":[{"href":"https:\/\/shop.hanaton.hu\/index.php?rest_route=%2Fwp%2Fv2%2Fmedia&parent=1181"}],"wp:term":[{"taxonomy":"product_brand","embeddable":true,"href":"https:\/\/shop.hanaton.hu\/index.php?rest_route=%2Fwp%2Fv2%2Fproduct_brand&post=1181"},{"taxonomy":"product_cat","embeddable":true,"href":"https:\/\/shop.hanaton.hu\/index.php?rest_route=%2Fwp%2Fv2%2Fproduct_cat&post=1181"},{"taxonomy":"product_tag","embeddable":true,"href":"https:\/\/shop.hanaton.hu\/index.php?rest_route=%2Fwp%2Fv2%2Fproduct_tag&post=1181"}],"curies":[{"name":"wp","href":"https:\/\/api.w.org\/{rel}","templated":true}]}}