{"id":1168,"date":"2025-12-13T21:00:38","date_gmt":"2025-12-13T20:00:38","guid":{"rendered":"https:\/\/shop.hanaton.hu\/?product=audio-technica-atn3600le-elliptical-replacement-stylus-for-at3600l"},"modified":"2025-12-14T21:48:18","modified_gmt":"2025-12-14T20:48:18","slug":"audio-technica-atn3600le-elliptical-replacement-stylus-for-at3600l","status":"publish","type":"product","link":"https:\/\/shop.hanaton.hu\/?product=audio-technica-atn3600le-elliptical-replacement-stylus-for-at3600l","title":{"rendered":"Audio Technica ATN3600LE cseret\u0171"},"content":{"rendered":"<table class=\"product__attributes product__table\">\n<tbody>\n<tr class=\"attributes__group-title\">\n<th class=\"attributes__group-title--text\" colspan=\"2\" scope=\"rowgroup\">hangszed\u0151 \u00e9s t\u0171<\/th>\n<\/tr>\n<tr class=\"attributes__tr\">\n<th class=\"attributes__th\" scope=\"row\">Vertical Tracking Force<\/th>\n<td class=\"attributes__td\" data-th=\"Vertical Tracking Force\">3,0-t\u00f3l 4,0 g-ig (3,5 g standard)<\/td>\n<\/tr>\n<tr class=\"attributes__tr\">\n<th class=\"attributes__th\" scope=\"row\">T\u0171forma<\/th>\n<td class=\"attributes__td\" data-th=\"T\u0171forma\">Elliptikus ragasztott<\/td>\n<\/tr>\n<tr class=\"attributes__tr\">\n<th class=\"attributes__th\" scope=\"row\">M\u00e9retek<\/th>\n<td class=\"attributes__td\" data-th=\"M\u00e9retek\">0,3 x 0,7 mil<\/td>\n<\/tr>\n<tr class=\"attributes__tr\">\n<th class=\"attributes__th\" scope=\"row\">T\u0171 \u00e9lettartam<\/th>\n<td class=\"attributes__td\" data-th=\"T\u0171 \u00e9lettartam\">kb. 300 \u00f3ra<\/td>\n<\/tr>\n<\/tbody>\n<\/table>\n","protected":false},"excerpt":{"rendered":"<div class=\"product-hero__intro-text\">\n<p>Ez az elliptikus t\u0171vel szerelt cseret\u0171 lehet\u0151v\u00e9 teszi az ATN3600L vagy ATN3600LC k\u00fapos t\u0171vel felszerelt lemezj\u00e1tsz\u00f3k, p\u00e9ld\u00e1ul a n\u00e9pszer\u0171 AT-LP60X sorozat hangmin\u0151s\u00e9g\u00e9nek egyszer\u0171 jav\u00edt\u00e1s\u00e1t. A t\u00f6bb milli\u00f3 p\u00e9ld\u00e1nyban eladott \u00e9s t\u00f6bb mint 50 \u00e9ve sz\u00e1mtalan zenekedvel\u0151 \u00e1ltal megb\u00edzhat\u00f3nak tartott ATN3600L modell alapj\u00e1n k\u00e9sz\u00fclt ATN3600LE 0,3 x 0,7 mil-es elliptikus t\u0171vel rendelkezik a jobb hangmin\u0151s\u00e9g \u00e9rdek\u00e9ben, mik\u00f6zben megtartja megb\u00edzhat\u00f3s\u00e1g\u00e1t \u00e9s k\u00f6nnyen kezelhet\u0151s\u00e9g\u00e9t.<\/p>\n<p>T\u0171profil: elliptikus<br \/>\nT\u0171 m\u00e9ret: 0,3 x 0,7 mil<br \/>\nT\u0171 \u00e9lettartam: kb. 300 \u00f3ra<\/p>\n<\/div>\n<div class=\"product-hero__expanded-text\">\n<p><strong>Kompatibilis lemezj\u00e1tsz\u00f3k \u00a0<\/strong><\/p>\n<p><strong>Audio-Technica lemezj\u00e1tsz\u00f3k<\/strong>: AT-LP60X sorozat, AT-LP60 sorozat, AT-LP2D sorozat, AT-PL300 sorozat, AT-SB727, AT-SB2022, AT-LPGO-BT, AT-PL50.<\/p>\n<p><strong>Egy\u00e9b m\u00e1rk\u00e1k<\/strong>: N\u00e9zze meg a lemezj\u00e1tsz\u00f3 haszn\u00e1lati \u00fatmutat\u00f3j\u00e1t, vagy forduljon a gy\u00e1rt\u00f3hoz.<\/p>\n<p><em>Az Audio-Technica az 1962-ben k\u00e9zzel k\u00e9sz\u00edtett els\u0151 hangszed\u0151je \u00f3ta t\u00f6k\u00e9letes\u00edtette a jel\u00e1talak\u00edt\u00f3 technol\u00f3gia m\u0171v\u00e9szet\u00e9t.<\/em><\/p>\n<\/div>\n","protected":false},"featured_media":1316,"comment_status":"open","ping_status":"closed","template":"","meta":{"_uag_custom_page_level_css":"","site-sidebar-layout":"default","site-content-layout":"","ast-site-content-layout":"default","site-content-style":"default","site-sidebar-style":"default","ast-global-header-display":"","ast-banner-title-visibility":"","ast-main-header-display":"","ast-hfb-above-header-display":"","ast-hfb-below-header-display":"","ast-hfb-mobile-header-display":"","site-post-title":"","ast-breadcrumbs-content":"","ast-featured-img":"","footer-sml-layout":"","ast-disable-related-posts":"","theme-transparent-header-meta":"default","adv-header-id-meta":"","stick-header-meta":"","header-above-stick-meta":"","header-main-stick-meta":"","header-below-stick-meta":"","astra-migrate-meta-layouts":"set","ast-page-background-enabled":"default","ast-page-background-meta":{"desktop":{"background-color":"var(--ast-global-color-4)","background-image":"","background-repeat":"repeat","background-position":"center center","background-size":"auto","background-attachment":"scroll","background-type":"","background-media":"","overlay-type":"","overlay-color":"","overlay-opacity":"","overlay-gradient":""},"tablet":{"background-color":"","background-image":"","background-repeat":"repeat","background-position":"center center","background-size":"auto","background-attachment":"scroll","background-type":"","background-media":"","overlay-type":"","overlay-color":"","overlay-opacity":"","overlay-gradient":""},"mobile":{"background-color":"","background-image":"","background-repeat":"repeat","background-position":"center center","background-size":"auto","background-attachment":"scroll","background-type":"","background-media":"","overlay-type":"","overlay-color":"","overlay-opacity":"","overlay-gradient":""}},"ast-content-background-meta":{"desktop":{"background-color":"var(--ast-global-color-5)","background-image":"","background-repeat":"repeat","background-position":"center center","background-size":"auto","background-attachment":"scroll","background-type":"","background-media":"","overlay-type":"","overlay-color":"","overlay-opacity":"","overlay-gradient":""},"tablet":{"background-color":"var(--ast-global-color-5)","background-image":"","background-repeat":"repeat","background-position":"center center","background-size":"auto","background-attachment":"scroll","background-type":"","background-media":"","overlay-type":"","overlay-color":"","overlay-opacity":"","overlay-gradient":""},"mobile":{"background-color":"var(--ast-global-color-5)","background-image":"","background-repeat":"repeat","background-position":"center center","background-size":"auto","background-attachment":"scroll","background-type":"","background-media":"","overlay-type":"","overlay-color":"","overlay-opacity":"","overlay-gradient":""}}},"product_brand":[],"product_cat":[50,54],"product_tag":[],"class_list":{"0":"post-1168","1":"product","2":"type-product","3":"status-publish","4":"has-post-thumbnail","6":"product_cat-tu-hangszedobe","7":"product_cat-tuk-es-hangszedo","8":"desktop-align-left","9":"tablet-align-left","10":"mobile-align-left","12":"first","13":"instock","14":"taxable","15":"shipping-taxable","16":"purchasable","17":"product-type-simple"},"supplier_id":null,"supplier_sku":"","barcode":null,"atum_controlled":true,"out_stock_date":null,"out_stock_threshold":null,"inheritable":false,"inbound_stock":0,"stock_on_hold":0,"sold_today":0,"sales_last_days":0,"reserved_stock":0,"customer_returns":0,"warehouse_damage":0,"lost_in_post":0,"other_logs":0,"out_stock_days":0,"lost_sales":0,"has_location":false,"update_date":"2026-04-30T04:23:34","atum_locations":[],"atum_stock_status":"instock","restock_status":false,"low_stock_amount":"","sales_update_date":"2026-04-30T04:23:34","calc_backorders":null,"uagb_featured_image_src":{"full":["https:\/\/shop.hanaton.hu\/wp-content\/uploads\/atn3600le_01a_1.png",2000,2000,false],"thumbnail":["https:\/\/shop.hanaton.hu\/wp-content\/uploads\/atn3600le_01a_1-150x150.png",150,150,true],"medium":["https:\/\/shop.hanaton.hu\/wp-content\/uploads\/atn3600le_01a_1-300x300.png",300,300,true],"medium_large":["https:\/\/shop.hanaton.hu\/wp-content\/uploads\/atn3600le_01a_1-768x768.png",768,768,true],"large":["https:\/\/shop.hanaton.hu\/wp-content\/uploads\/atn3600le_01a_1-1024x1024.png",1024,1024,true],"1536x1536":["https:\/\/shop.hanaton.hu\/wp-content\/uploads\/atn3600le_01a_1-1536x1536.png",1536,1536,true],"2048x2048":["https:\/\/shop.hanaton.hu\/wp-content\/uploads\/atn3600le_01a_1.png",2000,2000,false],"woocommerce_thumbnail":["https:\/\/shop.hanaton.hu\/wp-content\/uploads\/atn3600le_01a_1-300x300.png",300,300,true],"woocommerce_single":["https:\/\/shop.hanaton.hu\/wp-content\/uploads\/atn3600le_01a_1-600x600.png",600,600,true],"woocommerce_gallery_thumbnail":["https:\/\/shop.hanaton.hu\/wp-content\/uploads\/atn3600le_01a_1-100x100.png",100,100,true]},"uagb_author_info":{"display_name":"admin","author_link":"https:\/\/shop.hanaton.hu\/?author=0"},"uagb_comment_info":0,"uagb_excerpt":"Ez az elliptikus t\u0171vel szerelt cseret\u0171 lehet\u0151v\u00e9 teszi az ATN3600L vagy ATN3600LC k\u00fapos t\u0171vel felszerelt lemezj\u00e1tsz\u00f3k, p\u00e9ld\u00e1ul a n\u00e9pszer\u0171 AT-LP60X sorozat hangmin\u0151s\u00e9g\u00e9nek egyszer\u0171 jav\u00edt\u00e1s\u00e1t. A t\u00f6bb milli\u00f3 p\u00e9ld\u00e1nyban eladott \u00e9s t\u00f6bb mint 50 \u00e9ve sz\u00e1mtalan zenekedvel\u0151 \u00e1ltal megb\u00edzhat\u00f3nak tartott ATN3600L modell alapj\u00e1n k\u00e9sz\u00fclt ATN3600LE 0,3 x 0,7 mil-es elliptikus t\u0171vel rendelkezik a jobb hangmin\u0151s\u00e9g \u00e9rdek\u00e9ben,&hellip;","_links":{"self":[{"href":"https:\/\/shop.hanaton.hu\/index.php?rest_route=\/wp\/v2\/product\/1168","targetHints":{"allow":["GET"]}}],"collection":[{"href":"https:\/\/shop.hanaton.hu\/index.php?rest_route=\/wp\/v2\/product"}],"about":[{"href":"https:\/\/shop.hanaton.hu\/index.php?rest_route=\/wp\/v2\/types\/product"}],"replies":[{"embeddable":true,"href":"https:\/\/shop.hanaton.hu\/index.php?rest_route=%2Fwp%2Fv2%2Fcomments&post=1168"}],"wp:featuredmedia":[{"embeddable":true,"href":"https:\/\/shop.hanaton.hu\/index.php?rest_route=\/wp\/v2\/media\/1316"}],"wp:attachment":[{"href":"https:\/\/shop.hanaton.hu\/index.php?rest_route=%2Fwp%2Fv2%2Fmedia&parent=1168"}],"wp:term":[{"taxonomy":"product_brand","embeddable":true,"href":"https:\/\/shop.hanaton.hu\/index.php?rest_route=%2Fwp%2Fv2%2Fproduct_brand&post=1168"},{"taxonomy":"product_cat","embeddable":true,"href":"https:\/\/shop.hanaton.hu\/index.php?rest_route=%2Fwp%2Fv2%2Fproduct_cat&post=1168"},{"taxonomy":"product_tag","embeddable":true,"href":"https:\/\/shop.hanaton.hu\/index.php?rest_route=%2Fwp%2Fv2%2Fproduct_tag&post=1168"}],"curies":[{"name":"wp","href":"https:\/\/api.w.org\/{rel}","templated":true}]}}