{"id":1154,"date":"2025-12-13T21:00:33","date_gmt":"2025-12-13T20:00:33","guid":{"rendered":"https:\/\/shop.hanaton.hu\/?product=audio-technica-at33ev-stereo-moving-coil-cartridge"},"modified":"2025-12-14T21:48:19","modified_gmt":"2025-12-14T20:48:19","slug":"audio-technica-at33ev-stereo-moving-coil-cartridge","status":"publish","type":"product","link":"https:\/\/shop.hanaton.hu\/?product=audio-technica-at33ev-stereo-moving-coil-cartridge","title":{"rendered":"Audio Technica AT33EV Mozg\u00f3tekercses hangszed\u0151"},"content":{"rendered":"<table class=\"product__attributes product__table active\">\n<tbody>\n<tr class=\"attributes__group-title\">\n<th class=\"attributes__group-title--text\" colspan=\"2\" scope=\"rowgroup\">hangszed\u0151 \u00e9s t\u0171<\/th>\n<\/tr>\n<tr class=\"attributes__tr\">\n<th class=\"attributes__th\" scope=\"row\">Frekvencia \u00e1tvitel<\/th>\n<td class=\"attributes__td\" data-th=\"Frekvencia \u00e1tvitel\">15 &#8211; 50 000Hz<\/td>\n<\/tr>\n<tr class=\"attributes__tr\">\n<th class=\"attributes__th\" scope=\"row\">Csatorna szepar\u00e1ci\u00f3<\/th>\n<td class=\"attributes__td\" data-th=\"Csatorna szepar\u00e1ci\u00f3\">30 dB (1 kHz)<\/td>\n<\/tr>\n<tr class=\"attributes__tr\">\n<th class=\"attributes__th\" scope=\"row\">Vertik\u00e1lis k\u00f6vet\u00e9si sz\u00f6g<\/th>\n<td class=\"attributes__td\" data-th=\"Vertik\u00e1lis k\u00f6vet\u00e9si sz\u00f6g\">23\u00b0<\/td>\n<\/tr>\n<tr class=\"attributes__tr\">\n<th class=\"attributes__th\" scope=\"row\">Vertical Tracking Force<\/th>\n<td class=\"attributes__td\" data-th=\"Vertical Tracking Force\">1.8 to 2.2 g (standard 2.0 g)<\/td>\n<\/tr>\n<tr class=\"attributes__tr\">\n<th class=\"attributes__th\" scope=\"row\">T\u0171 konstrukci\u00f3<\/th>\n<td class=\"attributes__td\" data-th=\"T\u0171 konstrukci\u00f3\">N\u00e9gyzetes has\u00e1b t\u00f6mbb\u0151l csiszolt<\/td>\n<\/tr>\n<tr class=\"attributes__tr\">\n<th class=\"attributes__th\" scope=\"row\">Aj\u00e1nlott terhel\u0151 impedancia<\/th>\n<td class=\"attributes__td\" data-th=\"Aj\u00e1nlott terhel\u0151 impedancia\">T\u00f6bb, mint 100 ohm (fejer\u0151s\u00edt\u0151 csatlakoztat\u00e1sa eset\u00e9n)<\/td>\n<\/tr>\n<tr class=\"attributes__tr\">\n<th class=\"attributes__th\" scope=\"row\">Tekercs impedancia<\/th>\n<td class=\"attributes__td\" data-th=\"Tekercs impedancia\">10 \u03a9 (1 kHz)<\/td>\n<\/tr>\n<tr class=\"attributes__tr\">\n<th class=\"attributes__th\" scope=\"row\">DC ellen\u00e1ll\u00e1s<\/th>\n<td class=\"attributes__td\" data-th=\"DC ellen\u00e1ll\u00e1s\">10 \u03a9<\/td>\n<\/tr>\n<tr class=\"attributes__tr\">\n<th class=\"attributes__th\" scope=\"row\">Tekercs induktancia<\/th>\n<td class=\"attributes__td\" data-th=\"Tekercs induktancia\">22 \u00b5H (1 kHz)<\/td>\n<\/tr>\n<tr class=\"attributes__tr\">\n<th class=\"attributes__th\" scope=\"row\">Kimeneti fesz\u00fclts\u00e9g<\/th>\n<td class=\"attributes__td\" data-th=\"Kimeneti fesz\u00fclts\u00e9g\">0.3 mV (1 kHz 3.54 cm\/sec.)<\/td>\n<\/tr>\n<tr class=\"attributes__tr\">\n<th class=\"attributes__th\" scope=\"row\">Kimeneti csatorna egyens\u00faly<\/th>\n<td class=\"attributes__td\" data-th=\"Kimeneti csatorna egyens\u00faly\">0.5 dB (1 kHz)<\/td>\n<\/tr>\n<tr class=\"attributes__tr\">\n<th class=\"attributes__th\" scope=\"row\">T\u0171forma<\/th>\n<td class=\"attributes__td\" data-th=\"T\u0171forma\">Elliptikus<\/td>\n<\/tr>\n<tr class=\"attributes__tr\">\n<th class=\"attributes__th\" scope=\"row\">T\u0171sz\u00e1r<\/th>\n<td class=\"attributes__td\" data-th=\"T\u0171sz\u00e1r\">D\u00faralum\u00ednium<\/td>\n<\/tr>\n<tr class=\"attributes__tr\">\n<th class=\"attributes__th\" scope=\"row\">Statikus enged\u00e9kenys\u00e9g<\/th>\n<td class=\"attributes__td\" data-th=\"Statikus enged\u00e9kenys\u00e9g\">40\u00d710-6 cm\/dyne<\/td>\n<\/tr>\n<tr class=\"attributes__tr\">\n<th class=\"attributes__th\" scope=\"row\">Dinamikus enged\u00e9kenys\u00e9g<\/th>\n<td class=\"attributes__td\" data-th=\"Dinamikus enged\u00e9kenys\u00e9g\">10\u00d710-6 cm\/dyne (100Hz)<\/td>\n<\/tr>\n<tr class=\"attributes__tr\">\n<th class=\"attributes__th\" scope=\"row\">Felfogat\u00e1s<\/th>\n<td class=\"attributes__td\" data-th=\"Felfogat\u00e1s\">1\/2&#8243;<\/td>\n<\/tr>\n<tr class=\"attributes__tr\">\n<th class=\"attributes__th\" scope=\"row\">M\u00e9retek<\/th>\n<td class=\"attributes__td\" data-th=\"M\u00e9retek\">16 \u00d7 16.6 \u00d7 26.5 mm (magass\u00e1g x sz\u00e9less\u00e9g x hossz)<\/td>\n<\/tr>\n<tr class=\"attributes__tr\">\n<th class=\"attributes__th\" scope=\"row\">Mell\u00e9kelt tartoz\u00e9kok<\/th>\n<td class=\"attributes__td\" data-th=\"Mell\u00e9kelt tartoz\u00e9kok\">Nem m\u00e1gnesezhet\u0151 csavarh\u00faz\u00f3; k\u00e9t al\u00e1t\u00e9t; r\u00f6gz\u00edt\u0151csavarok 13mm x 2, 19 mm x 2; k\u00e9t csavaranya; t\u0171tiszt\u00edt\u00f3 kefe; PCOCC k\u00e1belszett; t\u0171v\u00e9d\u0151<\/td>\n<\/tr>\n<tr class=\"attributes__tr\">\n<th class=\"attributes__th\" scope=\"row\">Anyaga<\/th>\n<td class=\"attributes__td\" data-th=\"Anyaga\">Alum\u00ednium\/Szintetikus Enyv<\/td>\n<\/tr>\n<tr class=\"attributes__tr\">\n<th class=\"attributes__th\" scope=\"row\">T\u0171 g\u00f6rb\u00fcleti sugara<\/th>\n<td class=\"attributes__td\" data-th=\"T\u0171 g\u00f6rb\u00fcleti sugara\">0.3 x 0.7 mil<\/td>\n<\/tr>\n<tr class=\"attributes__tr\">\n<th class=\"attributes__th\" scope=\"row\">Pin-csatlkoz\u00f3<\/th>\n<td class=\"attributes__td\" data-th=\"Pin-csatlkoz\u00f3\">Bronz<\/td>\n<\/tr>\n<tr class=\"attributes__tr\">\n<th class=\"attributes__th\" scope=\"row\">T\u00edpus<\/th>\n<td class=\"attributes__td\" data-th=\"T\u00edpus\">Du\u00e1l Mozg\u00f3m\u00e1gnes<\/td>\n<\/tr>\n<tr class=\"attributes__tr\">\n<th class=\"attributes__th\" scope=\"row\">T\u00f6meg<\/th>\n<td class=\"attributes__td\" data-th=\"T\u00f6meg\">6.9 g<\/td>\n<\/tr>\n<\/tbody>\n<\/table>\n<div class=\"product__attributes--button\"><\/div>\n","protected":false},"excerpt":{"rendered":"<p>Ez a sztere\u00f3 hangszed\u0151 modell a fenn\u00e1ll\u00e1sunk 45. \u00e9vfordul\u00f3j\u00e1ra kiadott AT33ANV-t\u0151l sz\u00e1rmaztathat\u00f3. Az AT33ANV volt az AT33 sorozat els\u0151 modellje d\u00faralum\u00ednium t\u0171tart\u00f3 cs\u0151vel, \u00e9s sz\u00e9lesk\u00f6r\u0171 elismer\u00e9st szerzett hangmin\u0151s\u00e9g\u00e9vel. Megtartva az alap specifik\u00e1ci\u00f3t, bemutatjuk a tov\u00e1bbfejlesztett modellt.\u00a0Az AT33EV egy szabv\u00e1nyos \u00bd\u201d felfogat\u00e1s\u00fa, 0,3 x 0,7 mm m\u00e9ret\u0171 elliptikus hangszed\u0151 k\u00fapos d\u00faralum\u00ednium t\u0171sz\u00e1rral, mely cs\u00f6kkenti a hangszed\u0151 effekt\u00edv t\u00f6meg\u00e9t. A kett\u0151s mozg\u00f3tekercses hangszed\u0151 konstrukci\u00f3 n\u00f6veli a csatorna szepar\u00e1ci\u00f3t \u00e9s kiterjeszti a frekvencia \u00e1tvitelt, ezzel k\u00fcl\u00f6nlegesen magas hangmin\u0151s\u00e9get ny\u00fajt. A belsej\u00e9ben l\u00e9v\u0151 neod\u00edmium m\u00e1gnes megn\u00f6velt m\u00e1gneses energi\u00e1t, a PCOCC huzal pedig tiszta audi\u00f3 \u00e1tvitelt biztos\u00edt.<\/p>\n<ul>\n<li>Elliptikus hangszed\u0151 k\u00fapos d\u00faralum\u00ednium t\u0171sz\u00e1rral<\/li>\n<li>10 ohmos k\u00f6z\u00e9pimpedanci\u00e1s param\u00e9terek<\/li>\n<li>Megn\u00f6velt m\u00e1gneses energia neod\u00edmium m\u00e1gnessel \u00e9s PCOCC\u00a0 tekerccsel<\/li>\n<li>Megn\u00f6velt csatorna szepar\u00e1ci\u00f3, sz\u00e9less\u00e1v\u00fa kett\u0151s mozg\u00f3tekercses kialak\u00edt\u00e1s<\/li>\n<li>Az \u00f6ntv\u00e9ny h\u00e1z \u00e9s a \u201cHanenite\u201d anti-vibr\u00e1ci\u00f3s gumifel\u00fclet megsz\u00fcnteti a nemk\u00edv\u00e1natos vibr\u00e1ci\u00f3kat<\/li>\n<\/ul>\n<h4>\u201cCsillap\u00edtja a nemk\u00edv\u00e1natos vibr\u00e1ci\u00f3kat\u201d<\/h4>\n<p>A tokoz\u00e1s belsej\u00e9ben haszn\u00e1lt &#8222;Hanenite&#8221; gumir\u00e9teg \u00e9s a d\u00faralaum\u00ednium\u00a0t\u0171sz\u00e1r egy\u00fcttesen csillap\u00edtj\u00e1k a nemk\u00edv\u00e1natos vibr\u00e1ci\u00f3kat. Ennek k\u00f6sz\u00f6het\u0151en a kett\u0151s mozg\u00f3tekercs elrendez\u00e9s k\u00e9pes a legjobb teljes\u00edtm\u00e9ny\u00e9t visszaadni.<\/p>\n<h4>\u201cGazdag hangk\u00e9pz\u00e9s\u201d<\/h4>\n<p>A d\u00faralum\u00ednium t\u0171sz\u00e1rba illesztett elliptikus t\u0171hegy, k\u00e9pes a k\u00f6z\u00e9pm\u00e9ly hangok gazdag lek\u00e9pz\u00e9s\u00e9re. Ipari er\u0151ss\u00e9g\u00e9nek k\u00f6sz\u00f6nhet\u0151en a t\u0171sz\u00e1r megfelel\u0151en strapab\u00edr\u00f3 \u00e9s torz\u00edt\u00e1smentes, term\u00e9szetes hangot ad vissza.<\/p>\n","protected":false},"featured_media":1347,"comment_status":"open","ping_status":"closed","template":"","meta":{"_uag_custom_page_level_css":"","site-sidebar-layout":"default","site-content-layout":"","ast-site-content-layout":"default","site-content-style":"default","site-sidebar-style":"default","ast-global-header-display":"","ast-banner-title-visibility":"","ast-main-header-display":"","ast-hfb-above-header-display":"","ast-hfb-below-header-display":"","ast-hfb-mobile-header-display":"","site-post-title":"","ast-breadcrumbs-content":"","ast-featured-img":"","footer-sml-layout":"","ast-disable-related-posts":"","theme-transparent-header-meta":"default","adv-header-id-meta":"","stick-header-meta":"","header-above-stick-meta":"","header-main-stick-meta":"","header-below-stick-meta":"","astra-migrate-meta-layouts":"set","ast-page-background-enabled":"default","ast-page-background-meta":{"desktop":{"background-color":"var(--ast-global-color-4)","background-image":"","background-repeat":"repeat","background-position":"center center","background-size":"auto","background-attachment":"scroll","background-type":"","background-media":"","overlay-type":"","overlay-color":"","overlay-opacity":"","overlay-gradient":""},"tablet":{"background-color":"","background-image":"","background-repeat":"repeat","background-position":"center center","background-size":"auto","background-attachment":"scroll","background-type":"","background-media":"","overlay-type":"","overlay-color":"","overlay-opacity":"","overlay-gradient":""},"mobile":{"background-color":"","background-image":"","background-repeat":"repeat","background-position":"center center","background-size":"auto","background-attachment":"scroll","background-type":"","background-media":"","overlay-type":"","overlay-color":"","overlay-opacity":"","overlay-gradient":""}},"ast-content-background-meta":{"desktop":{"background-color":"var(--ast-global-color-5)","background-image":"","background-repeat":"repeat","background-position":"center center","background-size":"auto","background-attachment":"scroll","background-type":"","background-media":"","overlay-type":"","overlay-color":"","overlay-opacity":"","overlay-gradient":""},"tablet":{"background-color":"var(--ast-global-color-5)","background-image":"","background-repeat":"repeat","background-position":"center center","background-size":"auto","background-attachment":"scroll","background-type":"","background-media":"","overlay-type":"","overlay-color":"","overlay-opacity":"","overlay-gradient":""},"mobile":{"background-color":"var(--ast-global-color-5)","background-image":"","background-repeat":"repeat","background-position":"center center","background-size":"auto","background-attachment":"scroll","background-type":"","background-media":"","overlay-type":"","overlay-color":"","overlay-opacity":"","overlay-gradient":""}}},"product_brand":[],"product_cat":[49,54],"product_tag":[],"class_list":{"0":"post-1154","1":"product","2":"type-product","3":"status-publish","4":"has-post-thumbnail","6":"product_cat-hangszedo","7":"product_cat-tuk-es-hangszedo","8":"desktop-align-left","9":"tablet-align-left","10":"mobile-align-left","12":"first","13":"instock","14":"taxable","15":"shipping-taxable","16":"purchasable","17":"product-type-simple"},"supplier_id":null,"supplier_sku":"","barcode":null,"atum_controlled":true,"out_stock_date":null,"out_stock_threshold":null,"inheritable":false,"inbound_stock":0,"stock_on_hold":0,"sold_today":0,"sales_last_days":0,"reserved_stock":0,"customer_returns":0,"warehouse_damage":0,"lost_in_post":0,"other_logs":0,"out_stock_days":0,"lost_sales":0,"has_location":false,"update_date":"2026-04-29T04:22:30","atum_locations":[],"atum_stock_status":"instock","restock_status":false,"low_stock_amount":"","sales_update_date":"2026-04-29T04:22:30","calc_backorders":null,"uagb_featured_image_src":{"full":["https:\/\/shop.hanaton.hu\/wp-content\/uploads\/at33ev_01.png",2000,2000,false],"thumbnail":["https:\/\/shop.hanaton.hu\/wp-content\/uploads\/at33ev_01-150x150.png",150,150,true],"medium":["https:\/\/shop.hanaton.hu\/wp-content\/uploads\/at33ev_01-300x300.png",300,300,true],"medium_large":["https:\/\/shop.hanaton.hu\/wp-content\/uploads\/at33ev_01-768x768.png",768,768,true],"large":["https:\/\/shop.hanaton.hu\/wp-content\/uploads\/at33ev_01-1024x1024.png",1024,1024,true],"1536x1536":["https:\/\/shop.hanaton.hu\/wp-content\/uploads\/at33ev_01-1536x1536.png",1536,1536,true],"2048x2048":["https:\/\/shop.hanaton.hu\/wp-content\/uploads\/at33ev_01.png",2000,2000,false],"woocommerce_thumbnail":["https:\/\/shop.hanaton.hu\/wp-content\/uploads\/at33ev_01-300x300.png",300,300,true],"woocommerce_single":["https:\/\/shop.hanaton.hu\/wp-content\/uploads\/at33ev_01-600x600.png",600,600,true],"woocommerce_gallery_thumbnail":["https:\/\/shop.hanaton.hu\/wp-content\/uploads\/at33ev_01-100x100.png",100,100,true]},"uagb_author_info":{"display_name":"admin","author_link":"https:\/\/shop.hanaton.hu\/?author=0"},"uagb_comment_info":0,"uagb_excerpt":"Ez a sztere\u00f3 hangszed\u0151 modell a fenn\u00e1ll\u00e1sunk 45. \u00e9vfordul\u00f3j\u00e1ra kiadott AT33ANV-t\u0151l sz\u00e1rmaztathat\u00f3. Az AT33ANV volt az AT33 sorozat els\u0151 modellje d\u00faralum\u00ednium t\u0171tart\u00f3 cs\u0151vel, \u00e9s sz\u00e9lesk\u00f6r\u0171 elismer\u00e9st szerzett hangmin\u0151s\u00e9g\u00e9vel. Megtartva az alap specifik\u00e1ci\u00f3t, bemutatjuk a tov\u00e1bbfejlesztett modellt.\u00a0Az AT33EV egy szabv\u00e1nyos \u00bd\u201d felfogat\u00e1s\u00fa, 0,3 x 0,7 mm m\u00e9ret\u0171 elliptikus hangszed\u0151 k\u00fapos d\u00faralum\u00ednium t\u0171sz\u00e1rral, mely cs\u00f6kkenti a hangszed\u0151&hellip;","_links":{"self":[{"href":"https:\/\/shop.hanaton.hu\/index.php?rest_route=\/wp\/v2\/product\/1154","targetHints":{"allow":["GET"]}}],"collection":[{"href":"https:\/\/shop.hanaton.hu\/index.php?rest_route=\/wp\/v2\/product"}],"about":[{"href":"https:\/\/shop.hanaton.hu\/index.php?rest_route=\/wp\/v2\/types\/product"}],"replies":[{"embeddable":true,"href":"https:\/\/shop.hanaton.hu\/index.php?rest_route=%2Fwp%2Fv2%2Fcomments&post=1154"}],"wp:featuredmedia":[{"embeddable":true,"href":"https:\/\/shop.hanaton.hu\/index.php?rest_route=\/wp\/v2\/media\/1347"}],"wp:attachment":[{"href":"https:\/\/shop.hanaton.hu\/index.php?rest_route=%2Fwp%2Fv2%2Fmedia&parent=1154"}],"wp:term":[{"taxonomy":"product_brand","embeddable":true,"href":"https:\/\/shop.hanaton.hu\/index.php?rest_route=%2Fwp%2Fv2%2Fproduct_brand&post=1154"},{"taxonomy":"product_cat","embeddable":true,"href":"https:\/\/shop.hanaton.hu\/index.php?rest_route=%2Fwp%2Fv2%2Fproduct_cat&post=1154"},{"taxonomy":"product_tag","embeddable":true,"href":"https:\/\/shop.hanaton.hu\/index.php?rest_route=%2Fwp%2Fv2%2Fproduct_tag&post=1154"}],"curies":[{"name":"wp","href":"https:\/\/api.w.org\/{rel}","templated":true}]}}